{"id":51,"date":"2022-04-04T16:20:06","date_gmt":"2022-04-04T14:20:06","guid":{"rendered":"https:\/\/roulettes.vaniseo.top\/index.php\/produit\/crochet-en-acier-inoxydable-pour-porte-serviettes\/"},"modified":"2022-04-04T17:08:42","modified_gmt":"2022-04-04T15:08:42","slug":"crochet-en-acier-inoxydable-pour-porte-serviettes","status":"publish","type":"product","link":"https:\/\/roulettes.vaniseo.top\/index.php\/produit\/crochet-en-acier-inoxydable-pour-porte-serviettes\/","title":{"rendered":"crochet en acier inoxydable pour porte-serviettes"},"content":{"rendered":"<h4>Lot de deux crochets pour tringles d&rsquo;ustensiles de cuisine.<\/h4>\n<p>_x000D_nCrochet en <em><strong>acier inoxydable<\/strong><\/em> pour porte-serviettes ou porte-couverts qui peut servir pour un gain de place maximum._x000D_n_x000D_nDe forme simple et pratique, il s&rsquo;adapte \u00e0 la grande majorit\u00e9 des s\u00e8che-serviettes de salle de bain et aux barres de cuisine._x000D_n_x000D_nPeut aussi servir de crochet porte ustensiles sur les barres d&rsquo;accrochage dans la cuisine._x000D_n_x000D_nIl est juste \u00e0 poser \u00e0 l&rsquo;endroit qui vous convient pour y accrocher gants de toilette, serviettes, peignoirs ou v\u00eatements, il ne n\u00e9cessite aucuns outils._x000D_n_x000D_nLe prix est pour un <strong>lot de deux crochets<\/strong>._x000D_n<\/p>\n<h4>Dimensions :<\/h4>\n<p>_x000D_n<\/p>\n<ul>_x000D_n \t<\/p>\n<li>Hauteur 8,5\u00a0cm<\/li>\n<p>_x000D_n \t<\/p>\n<li>Petit \u00e9cartement maxi int\u00e9rieur 2,1 cm, grand \u00e9cartement maxi int\u00e9rieur 2,6 cm.<\/li>\n<p>_x000D_n<\/ul>\n","protected":false},"excerpt":{"rendered":"<p>Beau <strong>crochet<\/strong> en <em><strong>acier inoxydable<\/strong><\/em> pour porte-serviettes qui peut servir pour un gain de place maximum.\u00a0Il est de forme simple et pratique et s&rsquo;adapte \u00e0 la grande majorit\u00e9 des s\u00e8che-serviettes de salle de bain. Ils sont vendus pour un lot de deux crochets.<\/p>\n","protected":false},"featured_media":815,"comment_status":"closed","ping_status":"open","template":"","meta":[],"product_cat":[20,17],"product_tag":[28],"class_list":["post-51","product","type-product","status-publish","has-post-thumbnail","hentry","product_cat-cuisine","product_cat-salle-de-bain","product_tag-crochet-patere-patere-design-patere-porte-pateres-porte-serviette-porte-torchon","description-off"],"_links":{"self":[{"href":"https:\/\/roulettes.vaniseo.top\/index.php\/wp-json\/wp\/v2\/product\/51","targetHints":{"allow":["GET"]}}],"collection":[{"href":"https:\/\/roulettes.vaniseo.top\/index.php\/wp-json\/wp\/v2\/product"}],"about":[{"href":"https:\/\/roulettes.vaniseo.top\/index.php\/wp-json\/wp\/v2\/types\/product"}],"replies":[{"embeddable":true,"href":"https:\/\/roulettes.vaniseo.top\/index.php\/wp-json\/wp\/v2\/comments?post=51"}],"version-history":[{"count":0,"href":"https:\/\/roulettes.vaniseo.top\/index.php\/wp-json\/wp\/v2\/product\/51\/revisions"}],"wp:featuredmedia":[{"embeddable":true,"href":"https:\/\/roulettes.vaniseo.top\/index.php\/wp-json\/wp\/v2\/media\/815"}],"wp:attachment":[{"href":"https:\/\/roulettes.vaniseo.top\/index.php\/wp-json\/wp\/v2\/media?parent=51"}],"wp:term":[{"taxonomy":"product_cat","embeddable":true,"href":"https:\/\/roulettes.vaniseo.top\/index.php\/wp-json\/wp\/v2\/product_cat?post=51"},{"taxonomy":"product_tag","embeddable":true,"href":"https:\/\/roulettes.vaniseo.top\/index.php\/wp-json\/wp\/v2\/product_tag?post=51"}],"curies":[{"name":"wp","href":"https:\/\/api.w.org\/{rel}","templated":true}]}}