{"id":52,"date":"2022-04-04T16:20:06","date_gmt":"2022-04-04T14:20:06","guid":{"rendered":"https:\/\/roulettes.vaniseo.top\/index.php\/produit\/patere-reglable-a-4-crochets-en-aluminium-brosse\/"},"modified":"2022-04-04T17:08:51","modified_gmt":"2022-04-04T15:08:51","slug":"patere-reglable-a-4-crochets-en-aluminium-brosse","status":"publish","type":"product","link":"https:\/\/roulettes.vaniseo.top\/index.php\/produit\/patere-reglable-a-4-crochets-en-aluminium-brosse\/","title":{"rendered":"Pat\u00e8re r\u00e9glable \u00e0 4 crochets en aluminium bross\u00e9"},"content":{"rendered":"<h3>Patere porte serviette salle de bain aluminium 4 crochets r\u00e9glables<\/h3>\n<p>_x000D_nProfitez de toute la flexibilit\u00e9 d\u2019un <strong>porte manteau o\u00f9 les crochets bougent et sont inoxydables<\/strong>. Le tout \u00e0 petit\u00a0prix! En effet, 1001 Pat\u00e8res pr\u00e9sente sa\u00a0<strong>pat\u00e8re r\u00e9glable \u00e0 4\u00a0crochets en aluminium bross\u00e9<\/strong>.\u00a0Ci dessous, d\u00e9couvrez donc toutes ses caract\u00e9ristiques pour ainsi \u00eatre s\u00fbr de votre futur achat._x000D_n_x000D_nTout d&rsquo;abord, sachez que <a href=\"https:\/\/1001pateres.com\/brand\/1001pateres\/\"><strong>1001 Pat\u00e8res<\/strong><\/a> est le <strong>leader en France des porte manteaux. <\/strong>Son site propose des <strong>styles vari\u00e9s et pour tous les budgets<\/strong>. Chaque r\u00e9f\u00e9rence\u00a0permet de trouver son bonheur pour une maison ou une entreprise rang\u00e9e et design!_x000D_n_x000D_nAinsi, ici, la patere porte serviette salle de bain\u00a0peut servir pour de <strong>multiples usages<\/strong> dans la maison ou dans n&rsquo;importe quelle entreprise.\u00a0Celle-ci se fixe au mur et propose un design simple, efficace et passe-partout.\u00a0Elle comporte <strong>4 crochets pat\u00e8res r\u00e9glables en aluminium<\/strong>. De couleur <strong>aluminium bross\u00e9<\/strong>,\u00a0elle\u00a0convient parfaitement \u00e0 tout univers moderne._x000D_n_x000D_nVous adorerez pouvoir <strong>maximiser le rangement<\/strong> et d\u00e9placer \u00e0 votre convenance les crochets de gauche \u00e0 droite selon ce que vous souhaitez ranger. Des accessoires qui ne requi\u00e8rent que peu de place pourront \u00eatre suspendus sur des crochets resserr\u00e9s les uns aux autres. Tandis que ceux qui prennent plus de place, comme les serviettes de bain ou doudounes, pourront \u00eatre suspendus sur des crochets \u00e9cart\u00e9s. Toute la flexibilit\u00e9 en un seul produit, et une seule fixation._x000D_n_x000D_n&nbsp;_x000D_n<\/p>\n<h3>Comment fixer au mur la pat\u00e8re r\u00e9glable \u00e0 4 crochets en aluminium bross\u00e9?<\/h3>\n<p>_x000D_nC\u00f4t\u00e9 <strong>installation<\/strong>, son syst\u00e8me d\u2019accrochage inclut vis et chevilles. Cela rend l\u2019ensemble<strong> facile \u00e0 poser<\/strong> et surtout de mani\u00e8re\u00a0<strong>rapide<\/strong>. Toutefois,\u00a0sa fixation n\u00e9cessite une perceuse._x000D_n_x000D_nTenez compte de ses <strong>dimensions<\/strong> et choisissez un pan de mur dans un angle discret, ou peu large pour jouer la discr\u00e9tion:_x000D_n<\/p>\n<ul>_x000D_n \t<\/p>\n<li>Base du support: 27 cm X 3,4 cm<\/li>\n<p>_x000D_n \t<\/p>\n<li>Ecartement maxi: 5 cm<\/li>\n<p>_x000D_n \t<\/p>\n<li>Hauteur de chaque pat\u00e8re: 5,5\u00a0cm<\/li>\n<p>_x000D_n \t<\/p>\n<li>Vis de 2,3 cm<\/li>\n<p>_x000D_n<\/ul>\n<p>_x000D_nEnfin, ce mod\u00e8le existe aussi avec <a href=\"https:\/\/1001pateres.com\/produit\/patere-double-en-aluminium-brosse\/\">2<\/a>, <a href=\"https:\/\/1001pateres.com\/produit\/patere-3-crochets-en-aluminium-brosse-reglable\/\">3<\/a>, <a href=\"https:\/\/1001pateres.com\/produit\/patere-5-crochets-en-aluminium-brosse\/\">5<\/a>, <a href=\"https:\/\/1001pateres.com\/produit\/patere-7-crochets-en-aluminium-brosse-reglable\/\">7<\/a>\u00a0et <a href=\"https:\/\/1001pateres.com\/produit\/patere-8-crochets-en-aluminium-brosse\/\">8<\/a> crochets r\u00e9glables. Vous avez l\u2019embarras du choix!<\/p>\n","protected":false},"excerpt":{"rendered":"<p>Belle pat\u00e8re avec <strong>4 crochets r\u00e9glable<\/strong> en <em><strong>aluminium bross\u00e9<\/strong><\/em> qui peut servir pour de multiples usages dans la maison ou l&rsquo;entreprise.\u00a0Elle est murale au design simple et passe-partout. Elle est parfaitement adapt\u00e9e pour servir de porte-serviettes dans la salle de bain.<\/p>\n","protected":false},"featured_media":819,"comment_status":"closed","ping_status":"open","template":"","meta":[],"product_cat":[19,20,21,22,17],"product_tag":[25],"class_list":["post-52","product","type-product","status-publish","has-post-thumbnail","hentry","product_cat-collectivite","product_cat-cuisine","product_cat-entreprise","product_cat-pro","product_cat-salle-de-bain","product_tag-crochet-patere-patere-design-patere-murale-patere-porte-pateres-porte-manteau-porte-serviette-porte-torchon-vestiaire","description-off"],"_links":{"self":[{"href":"https:\/\/roulettes.vaniseo.top\/index.php\/wp-json\/wp\/v2\/product\/52","targetHints":{"allow":["GET"]}}],"collection":[{"href":"https:\/\/roulettes.vaniseo.top\/index.php\/wp-json\/wp\/v2\/product"}],"about":[{"href":"https:\/\/roulettes.vaniseo.top\/index.php\/wp-json\/wp\/v2\/types\/product"}],"replies":[{"embeddable":true,"href":"https:\/\/roulettes.vaniseo.top\/index.php\/wp-json\/wp\/v2\/comments?post=52"}],"version-history":[{"count":0,"href":"https:\/\/roulettes.vaniseo.top\/index.php\/wp-json\/wp\/v2\/product\/52\/revisions"}],"wp:featuredmedia":[{"embeddable":true,"href":"https:\/\/roulettes.vaniseo.top\/index.php\/wp-json\/wp\/v2\/media\/819"}],"wp:attachment":[{"href":"https:\/\/roulettes.vaniseo.top\/index.php\/wp-json\/wp\/v2\/media?parent=52"}],"wp:term":[{"taxonomy":"product_cat","embeddable":true,"href":"https:\/\/roulettes.vaniseo.top\/index.php\/wp-json\/wp\/v2\/product_cat?post=52"},{"taxonomy":"product_tag","embeddable":true,"href":"https:\/\/roulettes.vaniseo.top\/index.php\/wp-json\/wp\/v2\/product_tag?post=52"}],"curies":[{"name":"wp","href":"https:\/\/api.w.org\/{rel}","templated":true}]}}