{"id":533,"date":"2022-04-04T16:22:00","date_gmt":"2022-04-04T14:22:00","guid":{"rendered":"https:\/\/roulettes.vaniseo.top\/index.php\/produit\/patere-antique-metallique-et-double-embouts-porcelaine-rouge\/"},"modified":"2022-04-04T17:21:53","modified_gmt":"2022-04-04T15:21:53","slug":"patere-antique-metallique-et-double-embouts-porcelaine-rouge","status":"publish","type":"product","link":"https:\/\/roulettes.vaniseo.top\/index.php\/produit\/patere-antique-metallique-et-double-embouts-porcelaine-rouge\/","title":{"rendered":"Pat\u00e8re antique m\u00e9tallique et double embouts porcelaine rouge"},"content":{"rendered":"<h3>Porte manteau vestiaire double embouts porcelaine rouge<\/h3>\n<p>_x000D_n<strong>Leader en vente de pat\u00e8res et porte manteaux en ligne, 1001 Pat\u00e8res<\/strong>\u00a0pr\u00e9sente ici ses conseils d&rsquo;installation et ses informations techniques concernant la\u00a0<strong>pat\u00e8re antique m\u00e9tallique<\/strong>. Sp\u00e9cifiquement ci contre, \u00a0d\u00e9couvrez ceux du <strong>porte manteau vestiaire double<\/strong>\u00a0<strong>embouts en porcelaine rouge<\/strong>._x000D_n_x000D_nD&rsquo;ailleurs, cette pat\u00e8re antique est l&rsquo;une des\u00a0<strong>meilleures ventes <\/strong>de ce site de vente en ligne. Ici, un vaste choix de marques internationales aux meilleurs rapports qualit\u00e9 prix vous attend!_x000D_n_x000D_nAinsi, avec ce style antique et boudoir, ce porte manteau vestiaire renforce un style d\u00e9j\u00e0 en place dans une boutique, une chambre ou une entr\u00e9e. <strong>Professionnel<\/strong> comme <strong>particulier<\/strong> aiment cette <strong>collection<\/strong> proposant plusieurs\u00a0<strong>coloris<\/strong> comme le <a href=\"https:\/\/1001pateres.com\/produit\/patere-antique-deco-porte-manteaux-porcelaine-blanc\/\">blanc<\/a>, le <a href=\"https:\/\/1001pateres.com\/produit\/patere-antique-deco-porte-manteaux-porcelaine-vert\/\">vert<\/a> et le <a href=\"https:\/\/1001pateres.com\/produit\/patere-antique-metallique-et-double-embouts-porcelaine-gris\/\">gris<\/a>. Ils s&rsquo;amusent ainsi \u00e0 <strong>la d\u00e9multiplier sur un m\u00eame pan de mur<\/strong> pour rester dans la m\u00eame th\u00e9matique mais en variant les plaisirs!_x000D_n_x000D_nTechniquement, ce porte manteau vestiaire est fait de plusieurs mat\u00e9riaux. \u00a0Retrouvez du <strong>m\u00e9tal<\/strong> sur ses branches et son support mural et de la <strong>porcelaine<\/strong> sur ses embouts doubles, de couleur <strong>rouge.\u00a0<\/strong>Bien s\u00fbr la base des embouts en porcelaine peut laisser apparaitre la porcelaine brute et l&rsquo;\u00e9mail peut comporter de petits d\u00e9fauts de couleur et de petites taches dans l&rsquo;\u00e9mail._x000D_n_x000D_nAinsi, non seulement le produit est fait de <strong>mat\u00e9riaux qualitatifs<\/strong> mais en plus, ils sont pens\u00e9s pour ne pas marquer ou accrocher les v\u00eatements. Leurs <strong>textures douces<\/strong> font de lui un objet agr\u00e9able d&rsquo;utilisation._x000D_n_x000D_n&nbsp;_x000D_n<\/p>\n<h2>Installer la pat\u00e8re antique m\u00e9tallique rouge<\/h2>\n<p>_x000D_nPar ailleurs, deux\u00a0vis sont fournies pour\u00a0<strong>installer cette pat\u00e8re antique<\/strong>. Il vous faudra juste vous munir d&rsquo;un tournevis._x000D_n_x000D_n<span style=\"line-height: 1.5\">Choisissez donc ce porte manteau vestiaire pour:<\/span>_x000D_n<\/p>\n<ul>_x000D_n \t<\/p>\n<li><span style=\"line-height: 1.5\">Son <strong>style boudoir\u00a0<\/strong><\/span><\/li>\n<p>_x000D_n \t<\/p>\n<li><span style=\"line-height: 1.5\">Sa tr\u00e8s belle qualit\u00e9 avec deux embouts porcelaine qui ne marquent pas<\/span><\/li>\n<p>_x000D_n<\/ul>\n<p>_x000D_nEnfin, n&rsquo;oubliez pas de tenir compte de ses <strong>dimensions<\/strong>. C&rsquo;est important si vous pensez la d\u00e9multiplier:_x000D_n<\/p>\n<ul>_x000D_n \t<\/p>\n<li>Hauteur de la pat\u00e8re antique: 18 cm<\/li>\n<p>_x000D_n \t<\/p>\n<li>Diam\u00e8tre de l&#8217;embout arrondi en porcelaine rouge: 3 cm<\/li>\n<p>_x000D_n \t<\/p>\n<li>Crochet bas \u00e9cartement du mur: 9 cm<\/li>\n<p>_x000D_n \t<\/p>\n<li>Ecartement du mur pour le crochet haut: 11,5 cm<\/li>\n<p>_x000D_n<\/ul>\n","protected":false},"excerpt":{"rendered":"<p>Pat\u00e8re <strong>antique d\u00e9co<\/strong> porte-manteaux <em><strong>porcelaine rouge<\/strong><\/em>.\u00a0Cette pat\u00e8re design en m\u00e9tal noir avec des embouts en porcelaine rouge est \u00e0 poser partout dans la maison pour ne plus laisser trainer ses affaires.\u00a0Elle est particuli\u00e8rement adapt\u00e9e pour l&rsquo;entr\u00e9e afin d&rsquo;y d\u00e9poser son manteau, son \u00e9charpe ou son chapeau.\u00a0Bien s\u00fbr la base des embouts en porcelaine peut laisser apparaitre la porcelaine brute et l&rsquo;\u00e9mail peut comporter de petits d\u00e9fauts de couleur et de petites taches dans l&rsquo;\u00e9mail.<\/p>\n","protected":false},"featured_media":807,"comment_status":"closed","ping_status":"open","template":"","meta":[],"product_cat":[29,19,32,21,22,17],"product_tag":[27],"class_list":["post-533","product","type-product","status-publish","has-post-thumbnail","hentry","product_cat-chambre-adulte","product_cat-collectivite","product_cat-entree-sejour","product_cat-entreprise","product_cat-pro","product_cat-salle-de-bain","product_tag-crochet-patere-patere-design-patere-murale-patere-porte-pateres-porte-serviette-porte-torchon-vestiaire","description-off"],"_links":{"self":[{"href":"https:\/\/roulettes.vaniseo.top\/index.php\/wp-json\/wp\/v2\/product\/533","targetHints":{"allow":["GET"]}}],"collection":[{"href":"https:\/\/roulettes.vaniseo.top\/index.php\/wp-json\/wp\/v2\/product"}],"about":[{"href":"https:\/\/roulettes.vaniseo.top\/index.php\/wp-json\/wp\/v2\/types\/product"}],"replies":[{"embeddable":true,"href":"https:\/\/roulettes.vaniseo.top\/index.php\/wp-json\/wp\/v2\/comments?post=533"}],"version-history":[{"count":0,"href":"https:\/\/roulettes.vaniseo.top\/index.php\/wp-json\/wp\/v2\/product\/533\/revisions"}],"wp:featuredmedia":[{"embeddable":true,"href":"https:\/\/roulettes.vaniseo.top\/index.php\/wp-json\/wp\/v2\/media\/807"}],"wp:attachment":[{"href":"https:\/\/roulettes.vaniseo.top\/index.php\/wp-json\/wp\/v2\/media?parent=533"}],"wp:term":[{"taxonomy":"product_cat","embeddable":true,"href":"https:\/\/roulettes.vaniseo.top\/index.php\/wp-json\/wp\/v2\/product_cat?post=533"},{"taxonomy":"product_tag","embeddable":true,"href":"https:\/\/roulettes.vaniseo.top\/index.php\/wp-json\/wp\/v2\/product_tag?post=533"}],"curies":[{"name":"wp","href":"https:\/\/api.w.org\/{rel}","templated":true}]}}