{"id":534,"date":"2022-04-04T16:22:00","date_gmt":"2022-04-04T14:22:00","guid":{"rendered":"https:\/\/roulettes.vaniseo.top\/index.php\/produit\/patere-antique-metallique-et-double-embouts-porcelaine-vert\/"},"modified":"2022-04-04T17:21:54","modified_gmt":"2022-04-04T15:21:54","slug":"patere-antique-metallique-et-double-embouts-porcelaine-vert","status":"publish","type":"product","link":"https:\/\/roulettes.vaniseo.top\/index.php\/produit\/patere-antique-metallique-et-double-embouts-porcelaine-vert\/","title":{"rendered":"Pat\u00e8re antique m\u00e9tallique et double embouts porcelaine vert"},"content":{"rendered":"<h3>Porte manteau vestiaire double en m\u00e9tal noir et embouts porcelaine vert<\/h3>\n<p>_x000D_n<strong>1001 Pat\u00e8res<\/strong> vous fait d\u00e9couvrir ci dessous quelques conseils d&rsquo;installation et toutes les informations techniques concernant sa <strong>pat\u00e8re antique m\u00e9tallique<\/strong>. Ici, Il s&rsquo;agit du <strong>porte manteau vestiaire double<\/strong> en m\u00e9tal noir et <strong>double embouts en porcelaine verte<\/strong>._x000D_n_x000D_nD&rsquo;ailleurs, cette pat\u00e8re antique fait parti des\u00a0<strong>meilleures ventes <\/strong>du site de vente en ligne 1001 Pat\u00e8res. En effet, n\u00b01 en France en pat\u00e8res et porte manteaux, profitez d&rsquo;un choix vastes de marques internationales aux meilleurs rapports qualit\u00e9 prix!_x000D_n_x000D_nAinsi, avec son style <strong>authentique<\/strong>, ce porte manteau vestiaire apporte beaucoup de <strong>cachet<\/strong> \u00e0 tout int\u00e9rieur._x000D_n_x000D_nTechniquement, ses embouts doubles sont arrondis. Ils ne marquent donc pas les v\u00eatements et accessoires suspendus. En porcelaine vert, sa texture est\u00a0<strong>douce<\/strong>\u00a0et agr\u00e9able d&rsquo;utilisation. D&rsquo;ailleurs, foulards et autres mati\u00e8res fragiles n&rsquo;auront pas d&rsquo;accroc. Cela fait donc de ce produit, une r\u00e9f\u00e9rence particuli\u00e8rement adapt\u00e9e pour l&rsquo;<a href=\"https:\/\/1001pateres.com\/categorie-produit\/entree-sejour\/\">entr\u00e9e<\/a> ou pour une chambre d&rsquo;adulte \u00e0 l&rsquo;esprit <strong>boudoir<\/strong>. Ce style <strong>antique<\/strong> de pat\u00e8re m\u00e9tallique se marie parfaitement avec un c\u00f4t\u00e9 boudoir. Bien s\u00fbr la base des embouts en porcelaine peut laisser apparaitre la porcelaine brute et l&rsquo;\u00e9mail peut comporter de petits d\u00e9fauts de couleur et de petites taches dans l&rsquo;\u00e9mail._x000D_n_x000D_nPar ailleurs, d\u00e9couvrez \u00e9galement ce porte manteau vestiaire en d&rsquo;<strong>autres coloris<\/strong> comme le <a href=\"https:\/\/1001pateres.com\/produit\/patere-antique-deco-porte-manteaux-porcelaine-blanc\/\">blanc<\/a>, le <a href=\"https:\/\/1001pateres.com\/produit\/patere-antique-deco-porte-manteaux-porcelaine-rouge\/\">rouge<\/a> et le <a href=\"https:\/\/1001pateres.com\/produit\/patere-antique-deco-porte-manteaux-porcelaine-jaune\/\">jaune<\/a>. Vous pourrez ainsi vous amuser \u00e0 les d\u00e9multiplier sur un m\u00eame pan de mur pour rester dans la m\u00eame th\u00e9matique mais en variant les plaisirs!_x000D_n_x000D_n&nbsp;_x000D_n<\/p>\n<h2>Installation d&rsquo;une pat\u00e8re antique m\u00e9tallique<\/h2>\n<p>_x000D_nEnsuite, pour son\u00a0<strong>installation<\/strong>, cette pat\u00e8re antique comporte un <strong>syst\u00e8me d&rsquo;accrochage simple<\/strong> avec deux vis fournies. De ce fait, il vous faudra juste vous munir d&rsquo;un tournevis._x000D_n_x000D_n<span style=\"line-height: 1.5\">Faites comme nos clients, choisissez ce porte manteau vestiaire pour son <strong>style boudoir\u00a0<\/strong>et sa tr\u00e8s belle qualit\u00e9 avec double embout porcelaine.<\/span>_x000D_n_x000D_nEnfin, n&rsquo;oubliez pas de tenir compte de ses <strong>dimensions<\/strong>. Ce sera n\u00e9cessaire si vous souhaitez la d\u00e9multiplier:_x000D_n<\/p>\n<ul>_x000D_n \t<\/p>\n<li>Hauteur du porte manteau vestiaire: 18 cm<\/li>\n<p>_x000D_n \t<\/p>\n<li>Diam\u00e8tre de l&#8217;embout arrondi en porcelaine verte: 3 cm<\/li>\n<p>_x000D_n \t<\/p>\n<li>Crochet bas \u00e9cartement du mur: 9 cm<\/li>\n<p>_x000D_n \t<\/p>\n<li>Ecartement du mur pour le crochet haut: 11,5 cm<\/li>\n<p>_x000D_n<\/ul>\n","protected":false},"excerpt":{"rendered":"<p>Pat\u00e8re <strong>antique d\u00e9co<\/strong> porte-manteaux <em><strong>porcelaine vert<\/strong><\/em>.\u00a0Cette pat\u00e8re design en m\u00e9tal noir avec des embouts en porcelaine vert est \u00e0 poser partout dans la maison pour ne plus laisser trainer ses affaires.\u00a0Elle est particuli\u00e8rement adapt\u00e9e pour l&rsquo;entr\u00e9e afin d&rsquo;y d\u00e9poser son manteau, son \u00e9charpe ou son chapeau.\u00a0Bien s\u00fbr la base des embouts en porcelaine peut laisser apparaitre la porcelaine brute et l&rsquo;\u00e9mail peut comporter de petits d\u00e9fauts de couleur et de petites taches dans l&rsquo;\u00e9mail.<\/p>\n","protected":false},"featured_media":2092,"comment_status":"closed","ping_status":"open","template":"","meta":[],"product_cat":[29,19,32,21,22,17],"product_tag":[27],"class_list":["post-534","product","type-product","status-publish","has-post-thumbnail","hentry","product_cat-chambre-adulte","product_cat-collectivite","product_cat-entree-sejour","product_cat-entreprise","product_cat-pro","product_cat-salle-de-bain","product_tag-crochet-patere-patere-design-patere-murale-patere-porte-pateres-porte-serviette-porte-torchon-vestiaire","description-off"],"_links":{"self":[{"href":"https:\/\/roulettes.vaniseo.top\/index.php\/wp-json\/wp\/v2\/product\/534","targetHints":{"allow":["GET"]}}],"collection":[{"href":"https:\/\/roulettes.vaniseo.top\/index.php\/wp-json\/wp\/v2\/product"}],"about":[{"href":"https:\/\/roulettes.vaniseo.top\/index.php\/wp-json\/wp\/v2\/types\/product"}],"replies":[{"embeddable":true,"href":"https:\/\/roulettes.vaniseo.top\/index.php\/wp-json\/wp\/v2\/comments?post=534"}],"version-history":[{"count":0,"href":"https:\/\/roulettes.vaniseo.top\/index.php\/wp-json\/wp\/v2\/product\/534\/revisions"}],"wp:featuredmedia":[{"embeddable":true,"href":"https:\/\/roulettes.vaniseo.top\/index.php\/wp-json\/wp\/v2\/media\/2092"}],"wp:attachment":[{"href":"https:\/\/roulettes.vaniseo.top\/index.php\/wp-json\/wp\/v2\/media?parent=534"}],"wp:term":[{"taxonomy":"product_cat","embeddable":true,"href":"https:\/\/roulettes.vaniseo.top\/index.php\/wp-json\/wp\/v2\/product_cat?post=534"},{"taxonomy":"product_tag","embeddable":true,"href":"https:\/\/roulettes.vaniseo.top\/index.php\/wp-json\/wp\/v2\/product_tag?post=534"}],"curies":[{"name":"wp","href":"https:\/\/api.w.org\/{rel}","templated":true}]}}