{"id":548,"date":"2022-04-04T16:22:03","date_gmt":"2022-04-04T14:22:03","guid":{"rendered":"https:\/\/roulettes.vaniseo.top\/index.php\/produit\/patere-vintage-en-bois-blanc-a-4-crochets-argentes\/"},"modified":"2022-04-04T17:22:04","modified_gmt":"2022-04-04T15:22:04","slug":"patere-vintage-en-bois-blanc-a-4-crochets-argentes","status":"publish","type":"product","link":"https:\/\/roulettes.vaniseo.top\/index.php\/produit\/patere-vintage-en-bois-blanc-a-4-crochets-argentes\/","title":{"rendered":"Pat\u00e8re vintage en bois blanc \u00e0 4 crochets argent\u00e9s"},"content":{"rendered":"<h3>Pat\u00e8re murale vintage en bois blanc d\u00e9cap\u00e9 avec 4 crochets argent<\/h3>\n<p>_x000D_n1001 Pat\u00e8res vous propose de d\u00e9couvrir en d\u00e9tail cette <strong>pat\u00e8re vintage en bois blanc<\/strong> avec <strong>4 crochets argent\u00e9s vieillis<\/strong>._x000D_n_x000D_nPour commencer, la marque <a href=\"https:\/\/1001pateres.com\/brand\/nesu\/\"><strong>NESU<\/strong><\/a> est l&rsquo;une des marques les plus vendues chez 1001 Pat\u00e8res. <strong>Sobre<\/strong> mais toujours avec un d\u00e9tail qui fait mouche, les pat\u00e8res r\u00e9p\u00e8tent toujours un m\u00eame style: un <strong>support rectangulaire en bois<\/strong> et de <strong>multiples crochets design<\/strong>._x000D_n_x000D_nL\u00e0, cette pat\u00e8re murale vintage inspire un <strong>style d\u00e9coratif rustique<\/strong>. Aux <strong>couleurs douces<\/strong>, aux <strong>mati\u00e8res brutes de bois et d&rsquo;acier<\/strong>, le design est <strong>chaleureux<\/strong>. 1001 Pat\u00e8res vous recommande son utilisation dans une <strong>entr\u00e9e<\/strong> ou dans une <strong>cuisine<\/strong>.\u00a0L&rsquo;efficacit\u00e9 de ce style de support \u00e0 4 crochets est un <strong>passe-partout<\/strong>.\u00a0Il est \u00e0 poser partout dans la maison pour ne plus voir trainer ses affaires. Pour autant, il apporte aussi sa <strong>touche d\u00e9corative<\/strong> \u00e0 un <strong>int\u00e9rieur cosy et doux<\/strong>._x000D_n_x000D_n&nbsp;_x000D_n<\/p>\n<h3>Porte manteau \u00e0 suspendre au mur: conseils pratiques<\/h3>\n<p>_x000D_nAussi, son\u00a0syst\u00e8me d&rsquo;accrochage est <strong>simple<\/strong>. Les <strong>fixations au dos sont non visibles<\/strong> une fois pos\u00e9e sur le mur. C\u00f4t\u00e9 fixation, ce porte manteau implique 2<span style=\"line-height: 1.5\">\u00a0vis et chevilles. Celles-ci sont incluses dans votre achat. Alors bien s\u00fbr, s<\/span><span style=\"line-height: 1.5\">a pose n\u00e9cessite l&rsquo;usage d&rsquo;une perceuse.<\/span>_x000D_n_x000D_nVous aimerez ind\u00e9niablement ce porte manteau pour <strong>sa qualit\u00e9 de finition<\/strong>, <strong>ses choix de mati\u00e8res robustes et chaleureux<\/strong>. Le porte-manteaux est\u00a0<strong>original<\/strong> et <strong>de belle qualit\u00e9<\/strong>, en acier gris et en bois blanc vieilli._x000D_n_x000D_n<span style=\"line-height: 1.5\">Enfin, il\u00a0permet ainsi une <strong>touche chaleureuse<\/strong> dans votre int\u00e9rieur. C&rsquo;est un <strong>accessoire de d\u00e9coration<\/strong> \u00e0 part int\u00e9rieur, qui <strong>aide au rangement et \u00e0 la clart\u00e9<\/strong> de votre maison. Pensez simplement \u00e0 v\u00e9rifier les dimensions de votre pan de mur et les comparer aux dimensions de cette pat\u00e8re vintage avant tout achat:<\/span>_x000D_n<\/p>\n<ul>_x000D_n \t<\/p>\n<li><strong>Support en bois blanc vieilli: 45 cm X 10 cm<\/strong><\/li>\n<p>_x000D_n \t<\/p>\n<li><strong>Pat\u00e8res en acier argent\u00e9 vieilli: 13 cm<\/strong><\/li>\n<p>_x000D_n \t<\/p>\n<li><strong>Ecartement global du mur: 8,5 cm<\/strong><\/li>\n<p>_x000D_n<\/ul>\n","protected":false},"excerpt":{"rendered":"<p>Ce porte-manteaux rustique pour l&rsquo;<strong>ENTREE<\/strong> comportant 4 pat\u00e8res crochets doubles de la marque <em><strong>NESU<\/strong><\/em> est en bois blanc vieilli avec les crochets acier de <em>style vintage<\/em>. Il est \u00e0 poser partout dans la maison pour ne plus voir trainer ses affaires.\u00a0Son\u00a0syst\u00e8me d&rsquo;accrochage est simple, Les fixations au dos sont non visibles une fois pos\u00e9e sur le mur. Il est\u00a0original et de belle qualit\u00e9, en acier vintage et en bois blanc vieilli.<\/p>\n","protected":false},"featured_media":2127,"comment_status":"closed","ping_status":"open","template":"","meta":[],"product_cat":[29,20,32,17],"product_tag":[25],"class_list":["post-548","product","type-product","status-publish","has-post-thumbnail","hentry","product_cat-chambre-adulte","product_cat-cuisine","product_cat-entree-sejour","product_cat-salle-de-bain","product_tag-crochet-patere-patere-design-patere-murale-patere-porte-pateres-porte-manteau-porte-serviette-porte-torchon-vestiaire","description-off"],"_links":{"self":[{"href":"https:\/\/roulettes.vaniseo.top\/index.php\/wp-json\/wp\/v2\/product\/548","targetHints":{"allow":["GET"]}}],"collection":[{"href":"https:\/\/roulettes.vaniseo.top\/index.php\/wp-json\/wp\/v2\/product"}],"about":[{"href":"https:\/\/roulettes.vaniseo.top\/index.php\/wp-json\/wp\/v2\/types\/product"}],"replies":[{"embeddable":true,"href":"https:\/\/roulettes.vaniseo.top\/index.php\/wp-json\/wp\/v2\/comments?post=548"}],"version-history":[{"count":0,"href":"https:\/\/roulettes.vaniseo.top\/index.php\/wp-json\/wp\/v2\/product\/548\/revisions"}],"wp:featuredmedia":[{"embeddable":true,"href":"https:\/\/roulettes.vaniseo.top\/index.php\/wp-json\/wp\/v2\/media\/2127"}],"wp:attachment":[{"href":"https:\/\/roulettes.vaniseo.top\/index.php\/wp-json\/wp\/v2\/media?parent=548"}],"wp:term":[{"taxonomy":"product_cat","embeddable":true,"href":"https:\/\/roulettes.vaniseo.top\/index.php\/wp-json\/wp\/v2\/product_cat?post=548"},{"taxonomy":"product_tag","embeddable":true,"href":"https:\/\/roulettes.vaniseo.top\/index.php\/wp-json\/wp\/v2\/product_tag?post=548"}],"curies":[{"name":"wp","href":"https:\/\/api.w.org\/{rel}","templated":true}]}}