{"id":55,"date":"2022-04-04T16:20:06","date_gmt":"2022-04-04T14:20:06","guid":{"rendered":"https:\/\/roulettes.vaniseo.top\/index.php\/produit\/patere-salle-de-bain-double-en-acier-inoxydable\/"},"modified":"2022-04-04T17:09:10","modified_gmt":"2022-04-04T15:09:10","slug":"patere-salle-de-bain-double-en-acier-inoxydable","status":"publish","type":"product","link":"https:\/\/roulettes.vaniseo.top\/index.php\/produit\/patere-salle-de-bain-double-en-acier-inoxydable\/","title":{"rendered":"Pat\u00e8re salle de bain double en acier inoxydable"},"content":{"rendered":"<h4>Porte peignoir salle de bain double en acier inoxydable<\/h4>\n<p>_x000D_n<strong>1001 Pat\u00e8res<\/strong> vous propose de d\u00e9couvrir toutes les informations d\u00e9coratives et techniques de cette <strong>pat\u00e8re salle de bain double en acier inoxydable<\/strong>._x000D_n_x000D_nEn effet, <a href=\"https:\/\/1001pateres.com\/brand\/1001pateres\/\">1001 Pat\u00e8res<\/a> est le n\u00b01 en France de la vente en ligne de pat\u00e8res et porte manteaux. Elle offre sur son site marchand des r\u00e9f\u00e9rences issues de sa propre marque mais aussi d&rsquo;autres de marques du monde entier. L&rsquo;ensemble vous permet \u00e0 coup s\u00fbr de trouver tous vos besoins, pour votre <strong>entreprise<\/strong> comme pour la <strong>maison<\/strong>._x000D_n_x000D_nAinsi, ci-contre, il s&rsquo;agit d&rsquo;un <strong>mod\u00e8le basique et \u00e9l\u00e9gant<\/strong> de porte peignoir salle de bain double en acier inoxydable. Bien s\u00fbr il pourra servir dans de nombreuses pi\u00e8ces de la maison pour suspendre v\u00eatements et accessoires, mais son c\u00f4t\u00e9 <strong>inoxydable<\/strong> le rend tr\u00e8s appr\u00e9ci\u00e9 dans tous les univers humides comme les salles d&rsquo;eau et toilettes._x000D_n_x000D_nSp\u00e9cifiquement, cette jolie pat\u00e8re de salle de bain est compos\u00e9e d&rsquo;une <strong>tige double<\/strong> en <strong>acier inoxydable<\/strong><em>.<\/em>\u00a0Originale, elle poss\u00e8de\u00a0une forme douce et pratique._x000D_n_x000D_n&nbsp;_x000D_n<\/p>\n<h3>Fixation de la pat\u00e8re salle de bain double en acier inoxydable<\/h3>\n<p>_x000D_nEnfin, le <strong>syst\u00e8me de fixation<\/strong> de ce porte peignoir salle de bain double en acier inoxydable inclut\u00a0ses propres vis, chevilles et sa clef allen. Le syst\u00e8me comporte donc des vis non visibles. Facile \u00e0 poser, elle n\u00e9cessite cependant une perceuse pour positionner les chevilles. Voici ses <strong>dimensions<\/strong> :_x000D_n<\/p>\n<ul>_x000D_n \t<\/p>\n<li>La pat\u00e8re diam\u00e8tre 2,5\u00a0cm<\/li>\n<p>_x000D_n \t<\/p>\n<li>Diam\u00e8tre de la base 5 cm<\/li>\n<p>_x000D_n \t<\/p>\n<li>Tiges de 2,2 cm et diam\u00e8tre de 1,2 cm<\/li>\n<p>_x000D_n \t<\/p>\n<li>Ecartement du mur\u00a05,5 cm<\/li>\n<p>_x000D_n \t<\/p>\n<li>Vis de 2,3 cm<\/li>\n<p>_x000D_n<\/ul>\n<p>_x000D_nVous l&rsquo;aurez compris, elle s&rsquo;adapte et apporte une touche de design\u00a0\u00e0 votre univers, tout en proposant bien s\u00fbr une s<strong>olution de rangement discr\u00e8te et efficace<\/strong>._x000D_n_x000D_nNos clients la choisissent justement pour cela: <strong>qualit\u00e9 et efficacit\u00e9<\/strong> sont au rendez-vous!_x000D_n_x000D_nN&rsquo;h\u00e9sitez pas \u00e0 nous contacter par t\u00e9l\u00e9phone ou via la page <a href=\"https:\/\/1001pateres.com\/contactez-nous\/\">Contact<\/a> de ce site pour toute demande de devis sp\u00e9cifique en cas de besoin en quantit\u00e9 importante.<\/p>\n","protected":false},"excerpt":{"rendered":"<p>Pat\u00e8re salle de bain double en acier inoxydable.\u00a0Jolie pat\u00e8re de salle de bain avec une <strong>tige double<\/strong> en <em><strong>acier inoxydable<\/strong><\/em> pouvant servir de porte serviette ou de porte gant.\u00a0Originale, elle poss\u00e8de\u00a0une forme douce et pratique.\u00a0Compos\u00e9e de\u00a0deux tiges accroches et un syst\u00e8me de fixation avec ses vis, ses chevilles et sa clef allen, elle comporte des vis non visibles.<\/p>\n","protected":false},"featured_media":827,"comment_status":"closed","ping_status":"open","template":"","meta":[],"product_cat":[19,20,21,22,17,23],"product_tag":[31],"class_list":["post-55","product","type-product","status-publish","has-post-thumbnail","hentry","product_cat-collectivite","product_cat-cuisine","product_cat-entreprise","product_cat-pro","product_cat-salle-de-bain","product_cat-toilette-wc","product_tag-crochet-patere-patere-design-patere-murale-patere-porte-pateres-porte-manteau-porte-serviette-porte-torchon","description-off"],"_links":{"self":[{"href":"https:\/\/roulettes.vaniseo.top\/index.php\/wp-json\/wp\/v2\/product\/55","targetHints":{"allow":["GET"]}}],"collection":[{"href":"https:\/\/roulettes.vaniseo.top\/index.php\/wp-json\/wp\/v2\/product"}],"about":[{"href":"https:\/\/roulettes.vaniseo.top\/index.php\/wp-json\/wp\/v2\/types\/product"}],"replies":[{"embeddable":true,"href":"https:\/\/roulettes.vaniseo.top\/index.php\/wp-json\/wp\/v2\/comments?post=55"}],"version-history":[{"count":0,"href":"https:\/\/roulettes.vaniseo.top\/index.php\/wp-json\/wp\/v2\/product\/55\/revisions"}],"wp:featuredmedia":[{"embeddable":true,"href":"https:\/\/roulettes.vaniseo.top\/index.php\/wp-json\/wp\/v2\/media\/827"}],"wp:attachment":[{"href":"https:\/\/roulettes.vaniseo.top\/index.php\/wp-json\/wp\/v2\/media?parent=55"}],"wp:term":[{"taxonomy":"product_cat","embeddable":true,"href":"https:\/\/roulettes.vaniseo.top\/index.php\/wp-json\/wp\/v2\/product_cat?post=55"},{"taxonomy":"product_tag","embeddable":true,"href":"https:\/\/roulettes.vaniseo.top\/index.php\/wp-json\/wp\/v2\/product_tag?post=55"}],"curies":[{"name":"wp","href":"https:\/\/api.w.org\/{rel}","templated":true}]}}