{"id":552,"date":"2022-04-04T16:22:03","date_gmt":"2022-04-04T14:22:03","guid":{"rendered":"https:\/\/roulettes.vaniseo.top\/index.php\/produit\/patere-vintage-motos-riders\/"},"modified":"2022-04-04T17:22:05","modified_gmt":"2022-04-04T15:22:05","slug":"patere-vintage-motos-riders","status":"publish","type":"product","link":"https:\/\/roulettes.vaniseo.top\/index.php\/produit\/patere-vintage-motos-riders\/","title":{"rendered":"Pat\u00e8re vintage MOTOS RIDERS"},"content":{"rendered":"<h3>Porte manteau m\u00e9tal imprim\u00e9 Motos Riders avec 4 crochets en porcelaine<\/h3>\n<p>_x000D_n1001 Pat\u00e8res vous pr\u00e9sente ici la <strong>pat\u00e8re vintage MOTOS RIDERS<\/strong> avec <strong>4 crochets en porcelaine<\/strong> de la marque <strong>NESU<\/strong>._x000D_n_x000D_nCe <strong>porte manteau en m\u00e9tal imprim\u00e9<\/strong> propose<strong> 4 illustrations beige, jaune et noir<\/strong> dans le th\u00e8me <strong>Motos Riders<\/strong>. Il\u00a0comporte <strong>4 pat\u00e8res<\/strong>\u00a0avec des <strong>embouts en c\u00e9ramique<\/strong> pour ne pas abimer les v\u00eatements. Il est \u00e0 poser partout dans la maison pour ne plus voir trainer ses affaires. Nous vous recommandons bien s\u00fbr des espaces d\u00e9cor\u00e9s dans les <strong>m\u00eames tonalit\u00e9s<\/strong> ou dans l&rsquo;<strong>esprit riders<\/strong>._x000D_n_x000D_nPar ailleurs, vous pouvez retrouver <a href=\"https:\/\/1001pateres.com\/brand\/nesu\/\"><strong>NESU<\/strong><\/a> sur notre boutique en ligne pour de nombreux autres styles: classique en <a href=\"https:\/\/1001pateres.com\/produit\/patere-bois-3-crochets-pin-verni-naturel\/\">pin<\/a> avec boutons ronds, m\u00e9tal aux illustrations vintages, <a href=\"https:\/\/1001pateres.com\/produit\/patere-laiton-vieilli-sur-fond-patchwork-indien\/\">bois \u00e0 l&rsquo;imprim\u00e9 patchwork<\/a> &#8230; C&rsquo;est actuellement l&rsquo;une des marques les plus repr\u00e9sent\u00e9es. Mais dans la m\u00eame lign\u00e9e que cette pat\u00e8re, retrouvez aussi les r\u00e9f\u00e9rences suivantes:_x000D_n<\/p>\n<ul>_x000D_n \t<\/p>\n<li><a href=\"https:\/\/1001pateres.com\/produit\/patere-vintage-cuisine-food\/\">Cuisine<\/a><\/li>\n<p>_x000D_n \t<\/p>\n<li><a href=\"https:\/\/1001pateres.com\/produit\/patere-garage-voitures-americaines\/\">Garage<\/a><\/li>\n<p>_x000D_n \t<\/p>\n<li><a href=\"https:\/\/1001pateres.com\/produit\/patere-vintage-new-york\/\">New York<\/a><\/li>\n<p>_x000D_n \t<\/p>\n<li><a href=\"https:\/\/1001pateres.com\/produit\/patere-vintage-surf-california\/\">Surf California<\/a><\/li>\n<p>_x000D_n \t<\/p>\n<li><a href=\"https:\/\/1001pateres.com\/produit\/patere-vintage-skateboard\/\">Skateboard<\/a><\/li>\n<p>_x000D_n \t<\/p>\n<li><a href=\"https:\/\/1001pateres.com\/produit\/patere-vintage-cuisine-breakfast\/\">Breakfast<\/a><\/li>\n<p>_x000D_n<\/ul>\n<p>_x000D_n&nbsp;_x000D_n<\/p>\n<h3>Pourquoi choisir la pat\u00e8re vintage Motos Riders?<\/h3>\n<p>_x000D_nAu del\u00e0 du style acier peint, et de l&rsquo;imprim\u00e9 motos riders, vous pouvez aussi choisir cette pat\u00e8re vintage NESU pour ses <strong>belles finitions<\/strong> et sa<strong> facilit\u00e9 d&rsquo;installation<\/strong>._x000D_n_x000D_nEn effet,\u00a0son\u00a0<strong>syst\u00e8me d&rsquo;accrochage est simple et rapide<\/strong>. Des fixations sur pattes non visibles une fois pos\u00e9e sur le mur sont disponibles au dos. <span style=\"line-height: 1.5\">Les <strong>vis et chevilles<\/strong> n\u00e9cessaires sont <strong>incluses<\/strong> \u00e0 votre achat. Sa pose n\u00e9cessite en revanche, l&rsquo;usage d&rsquo;une perceuse.<\/span>_x000D_n_x000D_nAinsi, le porte manteau m\u00e9tal imprim\u00e9 est\u00a0original et de qualit\u00e9. Unique en son genre, il attire le regard et pousse \u00e0 l&rsquo;utiliser! Quoi de mieux pour une maison rang\u00e9e?\u00a0<span style=\"line-height: 1.5\">Il\u00a0permet v\u00e9ritablement une touche de style \u00e0 la pi\u00e8ce o\u00f9 vous d\u00e9ciderez de l&rsquo;installer. D&rsquo;ailleurs voici l&rsquo;ensemble de ses <strong>dimensions<\/strong> ci dessous:<\/span>_x000D_n<\/p>\n<ul>_x000D_n \t<\/p>\n<li>Le support 40 cm X 15,5 cm<\/li>\n<p>_x000D_n \t<\/p>\n<li>Ecartement du mur 7 cm<\/li>\n<p>_x000D_n<\/ul>\n<p>_x000D_nN&rsquo;h\u00e9sitez pas \u00e0 nous contacter pour plus d&rsquo;informations via le formulaire disponible en page Contact.<\/p>\n","protected":false},"excerpt":{"rendered":"<p>Ce porte-manteaux pour l&rsquo;<strong>ENTREE<\/strong> comportant 4 pat\u00e8res de la marque <em><strong>NESU<\/strong><\/em> est en m\u00e9tal imprim\u00e9 vintage MOTOS RIDERS comporte des embouts en c\u00e9ramique pour ne pas abimer les v\u00eatements. Il est \u00e0 poser partout dans la maison pour ne plus voir trainer ses affaires. Son syst\u00e8me d&rsquo;accrochage est simple, des fixations sur pattes visibles une fois pos\u00e9e sur le mur. Il est\u00a0original et de belle qualit\u00e9, en acier imprim\u00e9.<\/p>\n","protected":false},"featured_media":2134,"comment_status":"closed","ping_status":"open","template":"","meta":[],"product_cat":[29,16,20,32,30],"product_tag":[25],"class_list":["post-552","product","type-product","status-publish","has-post-thumbnail","hentry","product_cat-chambre-adulte","product_cat-chambre-enfant","product_cat-cuisine","product_cat-entree-sejour","product_cat-garage-cellier","product_tag-crochet-patere-patere-design-patere-murale-patere-porte-pateres-porte-manteau-porte-serviette-porte-torchon-vestiaire","description-off"],"_links":{"self":[{"href":"https:\/\/roulettes.vaniseo.top\/index.php\/wp-json\/wp\/v2\/product\/552","targetHints":{"allow":["GET"]}}],"collection":[{"href":"https:\/\/roulettes.vaniseo.top\/index.php\/wp-json\/wp\/v2\/product"}],"about":[{"href":"https:\/\/roulettes.vaniseo.top\/index.php\/wp-json\/wp\/v2\/types\/product"}],"replies":[{"embeddable":true,"href":"https:\/\/roulettes.vaniseo.top\/index.php\/wp-json\/wp\/v2\/comments?post=552"}],"version-history":[{"count":0,"href":"https:\/\/roulettes.vaniseo.top\/index.php\/wp-json\/wp\/v2\/product\/552\/revisions"}],"wp:featuredmedia":[{"embeddable":true,"href":"https:\/\/roulettes.vaniseo.top\/index.php\/wp-json\/wp\/v2\/media\/2134"}],"wp:attachment":[{"href":"https:\/\/roulettes.vaniseo.top\/index.php\/wp-json\/wp\/v2\/media?parent=552"}],"wp:term":[{"taxonomy":"product_cat","embeddable":true,"href":"https:\/\/roulettes.vaniseo.top\/index.php\/wp-json\/wp\/v2\/product_cat?post=552"},{"taxonomy":"product_tag","embeddable":true,"href":"https:\/\/roulettes.vaniseo.top\/index.php\/wp-json\/wp\/v2\/product_tag?post=552"}],"curies":[{"name":"wp","href":"https:\/\/api.w.org\/{rel}","templated":true}]}}