{"id":554,"date":"2022-04-04T16:22:03","date_gmt":"2022-04-04T14:22:03","guid":{"rendered":"https:\/\/roulettes.vaniseo.top\/index.php\/produit\/patere-vintage-metallique-et-planches-de-surf-en-californie\/"},"modified":"2022-04-04T17:22:06","modified_gmt":"2022-04-04T15:22:06","slug":"patere-vintage-metallique-et-planches-de-surf-en-californie","status":"publish","type":"product","link":"https:\/\/roulettes.vaniseo.top\/index.php\/produit\/patere-vintage-metallique-et-planches-de-surf-en-californie\/","title":{"rendered":"Pat\u00e8re vintage m\u00e9tallique et planches de surf en Californie"},"content":{"rendered":"<h3>Porte manteau m\u00e9tal noir avec imprim\u00e9s planche de Surf et 4 crochets en porcelaine<\/h3>\n<p>_x000D_n1001 Pat\u00e8res vous propose de d\u00e9couvrir toutes les informations concernant la <strong>pat\u00e8re vintage m\u00e9tallique et ses 4 planches de surf en Californie<\/strong>, associ\u00e9es \u00e0 <strong>4 crochets en porcelaine<\/strong>. Une r\u00e9f\u00e9rence de la marque <strong><a href=\"https:\/\/1001pateres.com\/brand\/nesu\/\">NESU<\/a><\/strong>._x000D_n_x000D_nCe porte manteau\u00a0est en <strong>m\u00e9tal noir<\/strong> avec des <strong>embouts en c\u00e9ramique<\/strong>. La c\u00e9ramique <strong>arrondie<\/strong> permet de ne pas abimer les v\u00eatements. Sur l&rsquo;acier peint, 4 imprim\u00e9s sur la th\u00e9matique du <strong>surf en Californie<\/strong>, viennent illustrer le support. Des <strong>coloris vintage de bleu, de jaune et de rouge<\/strong> seront parfaits pour compl\u00e9ter une <strong>d\u00e9coration californienne.<\/strong> Il est donc \u00e0 poser partout dans la maison pour ne plus voir trainer ses affaires. 1001 Pat\u00e8res vous conseille de le suspendre <strong>sur un mur clair<\/strong> permettant de le mettre en avant par contraste._x000D_n_x000D_nPar ailleurs, n\u2019h\u00e9sitez pas \u00e0 jeter un coup d\u2019oeil \u00e0 l\u2019ensemble de la collection NESU reprenant ce m\u00eame style de <strong>pat\u00e8re vintage en acier peint avec 4 crochets<\/strong>. 1001 Pat\u00e8res propose les r\u00e9f\u00e9rences suivantes:_x000D_n<\/p>\n<ul>_x000D_n \t<\/p>\n<li><a href=\"https:\/\/1001pateres.com\/produit\/patere-vintage-cuisine-food\/\">Cuisine<\/a><\/li>\n<p>_x000D_n \t<\/p>\n<li><a href=\"https:\/\/1001pateres.com\/produit\/patere-garage-voitures-americaines\/\">Garage<\/a><\/li>\n<p>_x000D_n \t<\/p>\n<li><a href=\"https:\/\/1001pateres.com\/produit\/patere-vintage-new-york\/\">New York<\/a><\/li>\n<p>_x000D_n \t<\/p>\n<li><a href=\"https:\/\/1001pateres.com\/produit\/patere-vintage-motos-riders\/\">Motos Riders<\/a><\/li>\n<p>_x000D_n \t<\/p>\n<li><a href=\"https:\/\/1001pateres.com\/produit\/patere-vintage-skateboard\/\">Skateboard<\/a><\/li>\n<p>_x000D_n \t<\/p>\n<li><a href=\"https:\/\/1001pateres.com\/produit\/patere-vintage-cuisine-breakfast\/\">Breakfast<\/a><\/li>\n<p>_x000D_n<\/ul>\n<p>_x000D_n&nbsp;_x000D_n<\/p>\n<h3>Conseils d&rsquo;installation de la pat\u00e8re vintage NESU<\/h3>\n<p>_x000D_nDe plus, voici quelques <strong>conseils d&rsquo;installation<\/strong> de la <strong>pat\u00e8re vintage NESU<\/strong>. Son\u00a0syst\u00e8me d&rsquo;accrochage est simple et rapide de mise en place. Retrouvez au dos du support des fixations sur pattes non visibles une fois pos\u00e9es sur le mur. <span style=\"line-height: 1.5\">La fixation\u00a0au mur de la <strong>pat\u00e8re vintage<\/strong> se fait avec 2 vis et chevilles qui sont incluses. Sa pose n\u00e9cessite l&rsquo;usage d&rsquo;une perceuse.<\/span>_x000D_n_x000D_nAinsi, le <strong>porte manteau m\u00e9tal noir<\/strong> est\u00a0<strong>original<\/strong>, avec de <strong>belles finitions<\/strong>. Nos clients choisissent ce produit ou cette collection pour sa <strong>belle qualit\u00e9 g\u00e9n\u00e9rale<\/strong> et pour sa possibilit\u00e9 de l&rsquo;installer partout dans la maison. Enfin, ils retiennent le fait qu&rsquo;il ne marque pas les v\u00eatements._x000D_n_x000D_nDimensions :_x000D_n<\/p>\n<ul>_x000D_n \t<\/p>\n<li>Le support en acier peint: 40 cm X 15,5 cm<\/li>\n<p>_x000D_n \t<\/p>\n<li>Ecartement du mur: 7 cm<\/li>\n<p>_x000D_n<\/ul>\n","protected":false},"excerpt":{"rendered":"<p>Ce porte-manteaux pour l&rsquo;<strong>ENTREE<\/strong> comportant 4 pat\u00e8res de la marque <em><strong>NESU<\/strong><\/em> est en m\u00e9tal imprim\u00e9 vintage SURF CALIFORNIA comporte des embouts en c\u00e9ramique pour ne pas abimer les v\u00eatements. Il est \u00e0 poser partout dans la maison pour ne plus voir trainer ses affaires. Son syst\u00e8me d&rsquo;accrochage est simple, des fixations sur pattes visibles une fois pos\u00e9e sur le mur. Il est\u00a0original et de belle qualit\u00e9, en acier imprim\u00e9.<\/p>\n","protected":false},"featured_media":2136,"comment_status":"closed","ping_status":"open","template":"","meta":[],"product_cat":[29,16,20,32,30],"product_tag":[25],"class_list":["post-554","product","type-product","status-publish","has-post-thumbnail","hentry","product_cat-chambre-adulte","product_cat-chambre-enfant","product_cat-cuisine","product_cat-entree-sejour","product_cat-garage-cellier","product_tag-crochet-patere-patere-design-patere-murale-patere-porte-pateres-porte-manteau-porte-serviette-porte-torchon-vestiaire","description-off"],"_links":{"self":[{"href":"https:\/\/roulettes.vaniseo.top\/index.php\/wp-json\/wp\/v2\/product\/554","targetHints":{"allow":["GET"]}}],"collection":[{"href":"https:\/\/roulettes.vaniseo.top\/index.php\/wp-json\/wp\/v2\/product"}],"about":[{"href":"https:\/\/roulettes.vaniseo.top\/index.php\/wp-json\/wp\/v2\/types\/product"}],"replies":[{"embeddable":true,"href":"https:\/\/roulettes.vaniseo.top\/index.php\/wp-json\/wp\/v2\/comments?post=554"}],"version-history":[{"count":0,"href":"https:\/\/roulettes.vaniseo.top\/index.php\/wp-json\/wp\/v2\/product\/554\/revisions"}],"wp:featuredmedia":[{"embeddable":true,"href":"https:\/\/roulettes.vaniseo.top\/index.php\/wp-json\/wp\/v2\/media\/2136"}],"wp:attachment":[{"href":"https:\/\/roulettes.vaniseo.top\/index.php\/wp-json\/wp\/v2\/media?parent=554"}],"wp:term":[{"taxonomy":"product_cat","embeddable":true,"href":"https:\/\/roulettes.vaniseo.top\/index.php\/wp-json\/wp\/v2\/product_cat?post=554"},{"taxonomy":"product_tag","embeddable":true,"href":"https:\/\/roulettes.vaniseo.top\/index.php\/wp-json\/wp\/v2\/product_tag?post=554"}],"curies":[{"name":"wp","href":"https:\/\/api.w.org\/{rel}","templated":true}]}}