{"id":572,"date":"2022-04-04T16:22:08","date_gmt":"2022-04-04T14:22:08","guid":{"rendered":"https:\/\/roulettes.vaniseo.top\/index.php\/produit\/porte-manteau-design-metal-blanc-bin-3-tomasucci\/"},"modified":"2022-04-04T17:22:14","modified_gmt":"2022-04-04T15:22:14","slug":"porte-manteau-design-metal-blanc-bin-3-tomasucci","status":"publish","type":"product","link":"https:\/\/roulettes.vaniseo.top\/index.php\/produit\/porte-manteau-design-metal-blanc-bin-3-tomasucci\/","title":{"rendered":"Porte manteau design m\u00e9tal blanc BIN 3 TOMASUCCI"},"content":{"rendered":"<h3>Pat\u00e8res mobiles en aluminium sur support en m\u00e9tal blanc<\/h3>\n<p>_x000D_n1001 Pat\u00e8res vous d\u00e9voile ci-dessous l&rsquo;ensemble des i<strong>nformations techniques et d\u00e9coratives<\/strong> li\u00e9es \u00e0 ce <strong>porte manteau design en m\u00e9tal blanc<\/strong>. Il est r\u00e9f\u00e9renc\u00e9 <strong>BIN 3<\/strong> par la marque cr\u00e9atrice, <strong>TOMASUCCI<\/strong>._x000D_n_x000D_nAinsi, <strong><a href=\"https:\/\/1001pateres.com\/brand\/tomasucci\/\">Tomasucci<\/a><\/strong> est en effet l&rsquo;une des <strong>marques les plus mises en avant<\/strong> sur notre site de vente en ligne de pat\u00e8res et porte manteaux, <strong>1001 Pat\u00e8res<\/strong>. <strong>N\u00b01 en France de leurs ventes<\/strong>, nous nous effor\u00e7ons de vous proposer des marques aux styles vari\u00e9s, toujours dans un fabuleux rapport qualit\u00e9 prix. Ainsi, Tomasucci est une <strong>marque italienne contemporaine chic<\/strong>. Elle est pr\u00e9sente sur notre site avec des <strong>r\u00e9f\u00e9rences sur pied et murales<\/strong>. Toutes d\u00e9ploient un style moderne, toujours en offrant une belle praticit\u00e9 d&rsquo;utilisation._x000D_n_x000D_nPar ailleurs, la <strong>gamme BIN<\/strong> reprend le principe de <strong>pat\u00e8res mobiles<\/strong>. Avec une certaine logique, les mod\u00e8les <strong><a href=\"https:\/\/1001pateres.com\/produit\/patere-moderne-tomasucci-bin-1-noir\/\">BIN 1<\/a><\/strong> disposent d&rsquo;<strong>1 seule pat\u00e8re<\/strong> et <strong>BIN 3<\/strong>, de <strong>3 pat\u00e8res<\/strong>. Toujours dans un style m\u00e9tal, noir ou blanc, ils offrent v\u00e9ritablement une <strong>esth\u00e9tique chic, design et minimaliste<\/strong>. Leur principe est donc de <strong>d\u00e9ployer les pat\u00e8res pour suspendre<\/strong> v\u00eatements et accessoires, et de les re-ins\u00e9rer dans leur support pour les ranger. Ainsi <strong>ferm\u00e9s<\/strong>, le support et ses pat\u00e8res sont alors un <strong>v\u00e9ritable objet d\u00e9coratif<\/strong>._x000D_n_x000D_nIci, concr\u00e8tement, nous vous pr\u00e9sentons <strong>BIN 3<\/strong> en <strong>m\u00e9tal blanc<\/strong> et <strong>pat\u00e8res aluminium<\/strong> mais cette r\u00e9f\u00e9rence est \u00e9galement disponible avec le support <a href=\"https:\/\/1001pateres.com\/produit\/porte-manteaux-design-moderne-tomasucci-bin-3-gris-anthracite\/\">m\u00e9tal gris anthracite<\/a>._x000D_n_x000D_nAinsi, vous l&rsquo;aurez compris ces pat\u00e8res mobiles en aluminium sur support en m\u00e9tal blanc peuvent servir de <strong>vestiaire<\/strong>\u00a0dans une <strong>entr\u00e9e<\/strong> ou un <strong>bureau<\/strong> professionnel._x000D_n_x000D_n&nbsp;_x000D_n<\/p>\n<h3>Porte manteau design BIN 3 Tomasucci : installation<\/h3>\n<p>_x000D_nDe plus, c\u00f4t\u00e9 <strong>installation<\/strong>, le syst\u00e8me d&rsquo;accrochage de ce porte manteau design est simple avec visserie. Aussi, il est non visible une fois pos\u00e9 sur le mur. <span style=\"line-height: 1.5\">Il tient au mur avec 2 vis, vis et chevilles sont fournies. Sa pose n\u00e9cessite l&rsquo;usage d&rsquo;une perceuse. Pensez \u00e0 v\u00e9rifier la concordance des <strong>dimensions<\/strong> de l&rsquo;espace o\u00f9 vous pensez l&rsquo;installer avec celles du produit, \u00e0 savoir:\u00a0<\/span>_x000D_n<\/p>\n<ul>_x000D_n \t<\/p>\n<li>La base 60 cm X 18 cm<\/li>\n<p>_x000D_n \t<\/p>\n<li>Profondeur 3 cm<\/li>\n<p>_x000D_n<\/ul>\n<p>_x000D_nOriginal et de belle qualit\u00e9, i<span style=\"line-height: 1.5\">l mettra une touche de <strong>modernit\u00e9<\/strong> dans votre int\u00e9rieur.<\/span><\/p>\n","protected":false},"excerpt":{"rendered":"<p>Porte-manteaux au design italien moderne pouvant servir de vestiaire d&rsquo;entr\u00e9e en m\u00e9tal de la marque <em><strong>TOMASUCCI<\/strong><\/em>\u00a0mod\u00e8le <strong>BIN 3 blanc. <\/strong>Il est id\u00e9al dans l&rsquo;entr\u00e9e\u00a0pour ne plus voir trainer ses affaires.\u00a0Ce porte-manteau est pratique en m\u00e9tal avec ses pat\u00e8res en aluminium d\u00e9ployantes. Sa pose n\u00e9cessite l&rsquo;usage d&rsquo;une perceuse.<\/p>\n","protected":false},"featured_media":2166,"comment_status":"closed","ping_status":"open","template":"","meta":[],"product_cat":[29,32,17],"product_tag":[25],"class_list":["post-572","product","type-product","status-publish","has-post-thumbnail","hentry","product_cat-chambre-adulte","product_cat-entree-sejour","product_cat-salle-de-bain","product_tag-crochet-patere-patere-design-patere-murale-patere-porte-pateres-porte-manteau-porte-serviette-porte-torchon-vestiaire","description-off"],"_links":{"self":[{"href":"https:\/\/roulettes.vaniseo.top\/index.php\/wp-json\/wp\/v2\/product\/572","targetHints":{"allow":["GET"]}}],"collection":[{"href":"https:\/\/roulettes.vaniseo.top\/index.php\/wp-json\/wp\/v2\/product"}],"about":[{"href":"https:\/\/roulettes.vaniseo.top\/index.php\/wp-json\/wp\/v2\/types\/product"}],"replies":[{"embeddable":true,"href":"https:\/\/roulettes.vaniseo.top\/index.php\/wp-json\/wp\/v2\/comments?post=572"}],"version-history":[{"count":0,"href":"https:\/\/roulettes.vaniseo.top\/index.php\/wp-json\/wp\/v2\/product\/572\/revisions"}],"wp:featuredmedia":[{"embeddable":true,"href":"https:\/\/roulettes.vaniseo.top\/index.php\/wp-json\/wp\/v2\/media\/2166"}],"wp:attachment":[{"href":"https:\/\/roulettes.vaniseo.top\/index.php\/wp-json\/wp\/v2\/media?parent=572"}],"wp:term":[{"taxonomy":"product_cat","embeddable":true,"href":"https:\/\/roulettes.vaniseo.top\/index.php\/wp-json\/wp\/v2\/product_cat?post=572"},{"taxonomy":"product_tag","embeddable":true,"href":"https:\/\/roulettes.vaniseo.top\/index.php\/wp-json\/wp\/v2\/product_tag?post=572"}],"curies":[{"name":"wp","href":"https:\/\/api.w.org\/{rel}","templated":true}]}}