{"id":576,"date":"2022-04-04T16:22:11","date_gmt":"2022-04-04T14:22:11","guid":{"rendered":"https:\/\/roulettes.vaniseo.top\/index.php\/produit\/porte-manteau-design-garcon-plexi-noir-petrozzi-abiti-kids\/"},"modified":"2022-04-04T17:22:18","modified_gmt":"2022-04-04T15:22:18","slug":"porte-manteau-design-garcon-plexi-noir-petrozzi-abiti-kids","status":"publish","type":"product","link":"https:\/\/roulettes.vaniseo.top\/index.php\/produit\/porte-manteau-design-garcon-plexi-noir-petrozzi-abiti-kids\/","title":{"rendered":"Porte manteau design Gar\u00e7on plexi noir PETROZZI ABITI KIDS"},"content":{"rendered":"<h3>Porte manteau mural design plexiglass Gar\u00e7on PETROZZI<\/h3>\n<p>_x000D_n<strong>1001 Pat\u00e8res<\/strong> vous fait d\u00e9couvrir ici l&rsquo;ensemble des informations techniques et nos conseils d&rsquo;installation du <strong>porte manteau design Gar\u00e7on en plexi noir<\/strong> de la gamme<strong> ABITI KIDS<\/strong> de chez <a href=\"https:\/\/www.petrozzidesign.com\/\" target=\"_blank\" rel=\"noopener\">Petrozzi<\/a>._x000D_n_x000D_nCommen\u00e7ons par rappeler qui est <strong><a href=\"https:\/\/1001pateres.com\/brand\/petrozzi\/\">Petrozzi<\/a>, partenaire 1001 Pat\u00e8res<\/strong>. Il s&rsquo;agit d&rsquo;une marque <strong>italienne<\/strong> proposant des <strong>produits graphiques et vitamin\u00e9s<\/strong>. Ainsi, vous aimerez les deux collections de pat\u00e8res en plexiglass s\u00e9lectionn\u00e9es par 1001 Pat\u00e8res pour cette boutique en ligne: <strong>Adele<\/strong> et <strong>Abiti Kids<\/strong>. La premi\u00e8re est un <strong>crochet simple<\/strong> mais aux couleurs vraiment flashy, la seconde est soit noire, blanche ou transparente mais arbore des <strong>formes plus vari\u00e9es<\/strong>: <a href=\"https:\/\/1001pateres.com\/produit\/patere-design-italien-fille-plexi-fume-petrozzi-abiti-kids\/\">fille<\/a>, gar\u00e7on, chat, chien&#8230;_x000D_n_x000D_nAinsi, toutes sont des pat\u00e8res \u00e0 crochet unique utilisables comme porte-serviette, porte-\u00e9charpe ou porte-v\u00eatement par exemple._x000D_n_x000D_nIci, sp\u00e9cifiquement le porte manteau mural design repr\u00e9sente un <strong>petit gar\u00e7on en plexiglass d\u00e9coup\u00e9 noir<\/strong>. Retrouvez celle-ci en blanc, transparent et fum\u00e9._x000D_n_x000D_n&nbsp;_x000D_n<\/p>\n<h3>Installer le porte manteau design Gar\u00e7on de Petrozzi<\/h3>\n<p>_x000D_nPour l&rsquo;installer, vous trouverez sur le produit, un syst\u00e8me d&rsquo;accrochage par vis \u00e0 mettre dans une cheville. La cheville est bien s\u00fbr fournie. Vous conviendrez donc que ce porte manteau est facile \u00e0 poser m\u00eame s&rsquo;il n\u00e9cessite l&rsquo;usage de votre perceuse. Voici ses <strong>dimensions<\/strong>:_x000D_n<\/p>\n<ul>_x000D_n \t<\/p>\n<li>La pat\u00e8re gar\u00e7on en plexi noir: 8 cm X 5,5 cm<\/li>\n<p>_x000D_n \t<\/p>\n<li>Ecartement du mur 4 cm<\/li>\n<p>_x000D_n<\/ul>\n<p>_x000D_n&nbsp;_x000D_n_x000D_nEnfin, 1001 Pat\u00e8res conseille donc cette pat\u00e8re pour toutes les pi\u00e8ces de la maison ou du bureau. Toutefois, elle attire votre attention sur la <strong>robustesse<\/strong> qu&rsquo;est le plexiglass._x000D_n_x000D_nAinsi, l&rsquo;ensemble de la collection Abiti Kids et Adele <strong>conviennent parfaitement \u00e0 toute pi\u00e8ce humide<\/strong>, comme une <a href=\"https:\/\/1001pateres.com\/univers\/salle-de-bain\">salle de bain<\/a>. N&rsquo;h\u00e9sitez pas \u00e0 installer <strong>plusieurs mod\u00e8les<\/strong> de la collection Abiti Kids pour <strong>optimiser le rangement de toute la famille<\/strong>.\u00a0A vous ensuite une <strong>maison bien rang\u00e9e et soigneusement stylis\u00e9e<\/strong> avec les produits Petrozzi!_x000D_n_x000D_n&nbsp;_x000D_n_x000D_n1001 Pat\u00e8res vous propose une page Contact pour toute question compl\u00e9mentaire ou demande de devis en cas de commande en quantit\u00e9 importante.<\/p>\n","protected":false},"excerpt":{"rendered":"<p>Porte-serviette, porte-manteau moderne design en plexiglass qui peut servir de porte-\u00e9charpe ou porte-v\u00eatement par exemple.\u00a0Il s&rsquo;agit du mod\u00e8le <em><strong>ABITI KIDS<\/strong><\/em>\u00a0en forme de petit gar\u00e7on noir de la marque <b>PETROZZI<\/b>.\u00a0Cette pat\u00e8re est particuli\u00e8rement adapt\u00e9e pour les salles de bain, est de belle qualit\u00e9 et tr\u00e8s r\u00e9sistante \u00e0 l&rsquo;arrachement.<\/p>\n","protected":false},"featured_media":2177,"comment_status":"closed","ping_status":"open","template":"","meta":[],"product_cat":[29,32,17],"product_tag":[37],"class_list":["post-576","product","type-product","status-publish","has-post-thumbnail","hentry","product_cat-chambre-adulte","product_cat-entree-sejour","product_cat-salle-de-bain","product_tag-crochet-patere-patere-design-patere-murale-patere-porte-pateres-porte-chapeau-porte-serviette-porte-torchon-vestiaire","description-off"],"_links":{"self":[{"href":"https:\/\/roulettes.vaniseo.top\/index.php\/wp-json\/wp\/v2\/product\/576","targetHints":{"allow":["GET"]}}],"collection":[{"href":"https:\/\/roulettes.vaniseo.top\/index.php\/wp-json\/wp\/v2\/product"}],"about":[{"href":"https:\/\/roulettes.vaniseo.top\/index.php\/wp-json\/wp\/v2\/types\/product"}],"replies":[{"embeddable":true,"href":"https:\/\/roulettes.vaniseo.top\/index.php\/wp-json\/wp\/v2\/comments?post=576"}],"version-history":[{"count":0,"href":"https:\/\/roulettes.vaniseo.top\/index.php\/wp-json\/wp\/v2\/product\/576\/revisions"}],"wp:featuredmedia":[{"embeddable":true,"href":"https:\/\/roulettes.vaniseo.top\/index.php\/wp-json\/wp\/v2\/media\/2177"}],"wp:attachment":[{"href":"https:\/\/roulettes.vaniseo.top\/index.php\/wp-json\/wp\/v2\/media?parent=576"}],"wp:term":[{"taxonomy":"product_cat","embeddable":true,"href":"https:\/\/roulettes.vaniseo.top\/index.php\/wp-json\/wp\/v2\/product_cat?post=576"},{"taxonomy":"product_tag","embeddable":true,"href":"https:\/\/roulettes.vaniseo.top\/index.php\/wp-json\/wp\/v2\/product_tag?post=576"}],"curies":[{"name":"wp","href":"https:\/\/api.w.org\/{rel}","templated":true}]}}