{"id":578,"date":"2022-04-04T16:22:11","date_gmt":"2022-04-04T14:22:11","guid":{"rendered":"https:\/\/roulettes.vaniseo.top\/index.php\/produit\/porte-manteau-design-italien-transparent-garcon-petrozzi-abiti-kids\/"},"modified":"2022-04-04T17:22:19","modified_gmt":"2022-04-04T15:22:19","slug":"porte-manteau-design-italien-transparent-garcon-petrozzi-abiti-kids","status":"publish","type":"product","link":"https:\/\/roulettes.vaniseo.top\/index.php\/produit\/porte-manteau-design-italien-transparent-garcon-petrozzi-abiti-kids\/","title":{"rendered":"Porte manteau design italien transparent Gar\u00e7on PETROZZI ABITI KIDS"},"content":{"rendered":"<h3>Porte manteau mural en plexiglass transparent Gar\u00e7on PETROZZI<\/h3>\n<p>_x000D_n<strong>1001 Pat\u00e8res<\/strong> vous propose un <strong>porte manteau design italien transparent Gar\u00e7on<\/strong> de la collection <strong>Abiti Kids<\/strong> de chez <a href=\"https:\/\/www.petrozzidesign.com\/\" target=\"_blank\" rel=\"noopener\">Petrozzi<\/a>. Ci dessous, nous vous pr\u00e9sentons ses <strong>caract\u00e9ristiques<\/strong> techniques et quelques <strong>conseils<\/strong> d&rsquo;am\u00e9nagement adapt\u00e9s._x000D_n_x000D_nTout d&rsquo;abord, apprenez rapidement \u00e0 conna\u00eetre la marque: <a href=\"https:\/\/1001pateres.com\/brand\/petrozzi\/\">Petrozzi<\/a>. Celle-ci est <strong>italienne<\/strong> et propose uniquement des <strong>objets de d\u00e9coration contemporains en plexiglass<\/strong>. Ainsi, 1001 Pat\u00e8res a choisi deux collections de pat\u00e8res \u00e0 crochet unique de la marque: <strong>Adele<\/strong> et <strong>Abiti Kids<\/strong>. La premi\u00e8re, Adele, propose des pat\u00e8res simples mais tr\u00e8s flashy. La seconde, Abiti Kids, \u00a0offre elle, des <strong>formes cultes d&rsquo;enfants<\/strong> <a href=\"https:\/\/1001pateres.com\/produit\/patere-design-italien-fille-plexi-blanc-petrozzi-abiti-kids\/\">Fille<\/a> ou Gar\u00e7on, de chien et de chat mais en des <strong>tons plus neutres<\/strong> comme le blanc, le noir, le transparent et le fum\u00e9._x000D_n_x000D_nIci, le porte manteau design italien est un <strong>gar\u00e7on<\/strong> en <strong>plexiglass d\u00e9coup\u00e9 transparent<\/strong>. Lui comme tous les autres de la marque peuvent \u00eatre utilis\u00e9s comme <strong>porte-serviette<\/strong>, <strong>porte-manteau<\/strong> mais aussi comme <strong>porte-\u00e9charpe<\/strong> ou encore <strong>porte-v\u00eatement<\/strong> par exemple._x000D_n_x000D_n&nbsp;_x000D_n<\/p>\n<h3>O\u00f9 installer ce porte manteau design italien transparent?<\/h3>\n<p>_x000D_nPar ailleurs, ce porte manteau mural en plexiglass transparent comporte un syst\u00e8me d&rsquo;accrochage par vis \u00e0 mettre dans une cheville. Cette derni\u00e8re est incluse. L&rsquo;ensemble, vous le constaterez, est donc extr\u00eamement s<strong>imple \u00e0 installer<\/strong>._x000D_n_x000D_nMais encore faut-il savoir o\u00f9?!_x000D_n_x000D_nPour cela, 1001 Pat\u00e8res ne manque pas d&rsquo;id\u00e9es! En effet, nous recommandons une utilisation sur des murs peints \u00e0 motifs. Sur un effet marbre blanc ou de couleurs, le r\u00e9sultat est parfait! Bien s\u00fbr, cette pat\u00e8re <strong>s&rsquo;adapte facilement \u00e0 toute d\u00e9coration int\u00e9rieure<\/strong> dans la maison et sait se faire discr\u00e8te. Elle est particuli\u00e8rement adapt\u00e9e \u00e0 la <strong>salle de bain<\/strong> du fait de la <strong>robustesse de sa mati\u00e8re en milieu humide<\/strong>._x000D_n_x000D_nA d\u00e9couvrir \u00e9galement en noir, blanc et <a href=\"https:\/\/1001pateres.com\/produit\/porte-manteau-plexiglass-fume-garcon-petrozzi-abiti-kids\/\">fum\u00e9<\/a>. Ainsi, il est facile de d\u00e9multiplier ce style pour toute la famille et <strong>maximiser le rangement avec style<\/strong>!_x000D_n_x000D_nEnfin, aucun probl\u00e8me n&rsquo;est \u00e0 anticiper c\u00f4t\u00e9 <strong>dimensions<\/strong>:_x000D_n<\/p>\n<ul>_x000D_n \t<\/p>\n<li>La pat\u00e8re 8 cm X 5,5 cm<\/li>\n<p>_x000D_n \t<\/p>\n<li>Ecartement du mur 4 cm<\/li>\n<p>_x000D_n<\/ul>\n","protected":false},"excerpt":{"rendered":"<p>Porte-serviette, porte-manteau moderne design en plexiglass qui peut servir de porte-\u00e9charpe ou porte-v\u00eatement par exemple.\u00a0Il s&rsquo;agit du mod\u00e8le <em><strong>ABITI KIDS<\/strong><\/em>\u00a0en forme de petit gar\u00e7on transparent de la marque <b>PETROZZI<\/b>.\u00a0Cette pat\u00e8re est particuli\u00e8rement adapt\u00e9e pour les salles de bain, est de belle qualit\u00e9 et tr\u00e8s r\u00e9sistante \u00e0 l&rsquo;arrachement.<\/p>\n","protected":false},"featured_media":2184,"comment_status":"closed","ping_status":"open","template":"","meta":[],"product_cat":[29,32,17],"product_tag":[37],"class_list":["post-578","product","type-product","status-publish","has-post-thumbnail","hentry","product_cat-chambre-adulte","product_cat-entree-sejour","product_cat-salle-de-bain","product_tag-crochet-patere-patere-design-patere-murale-patere-porte-pateres-porte-chapeau-porte-serviette-porte-torchon-vestiaire","description-off"],"_links":{"self":[{"href":"https:\/\/roulettes.vaniseo.top\/index.php\/wp-json\/wp\/v2\/product\/578","targetHints":{"allow":["GET"]}}],"collection":[{"href":"https:\/\/roulettes.vaniseo.top\/index.php\/wp-json\/wp\/v2\/product"}],"about":[{"href":"https:\/\/roulettes.vaniseo.top\/index.php\/wp-json\/wp\/v2\/types\/product"}],"replies":[{"embeddable":true,"href":"https:\/\/roulettes.vaniseo.top\/index.php\/wp-json\/wp\/v2\/comments?post=578"}],"version-history":[{"count":0,"href":"https:\/\/roulettes.vaniseo.top\/index.php\/wp-json\/wp\/v2\/product\/578\/revisions"}],"wp:featuredmedia":[{"embeddable":true,"href":"https:\/\/roulettes.vaniseo.top\/index.php\/wp-json\/wp\/v2\/media\/2184"}],"wp:attachment":[{"href":"https:\/\/roulettes.vaniseo.top\/index.php\/wp-json\/wp\/v2\/media?parent=578"}],"wp:term":[{"taxonomy":"product_cat","embeddable":true,"href":"https:\/\/roulettes.vaniseo.top\/index.php\/wp-json\/wp\/v2\/product_cat?post=578"},{"taxonomy":"product_tag","embeddable":true,"href":"https:\/\/roulettes.vaniseo.top\/index.php\/wp-json\/wp\/v2\/product_tag?post=578"}],"curies":[{"name":"wp","href":"https:\/\/api.w.org\/{rel}","templated":true}]}}