{"id":580,"date":"2022-04-04T16:22:11","date_gmt":"2022-04-04T14:22:11","guid":{"rendered":"https:\/\/roulettes.vaniseo.top\/index.php\/produit\/porte-manteau-fille-plexiglass-noir-abiti-kids-de-petrozzi\/"},"modified":"2022-04-04T17:22:21","modified_gmt":"2022-04-04T15:22:21","slug":"porte-manteau-fille-plexiglass-noir-abiti-kids-de-petrozzi","status":"publish","type":"product","link":"https:\/\/roulettes.vaniseo.top\/index.php\/produit\/porte-manteau-fille-plexiglass-noir-abiti-kids-de-petrozzi\/","title":{"rendered":"Porte manteau Fille plexiglass noir ABITI KIDS de PETROZZI"},"content":{"rendered":"<h3>Porte manteau mural plexiglass noir Fille PETROZZI<\/h3>\n<p>_x000D_n<strong>1001 Pat\u00e8res<\/strong> vous propose de d\u00e9couvrir ci dessous toutes les informations et les conseils d&rsquo;installations concernant ce <strong>porte manteau Fille plexiglass noir<\/strong> de la collection <strong>ABITI KIDS<\/strong> par <strong><a href=\"https:\/\/www.petrozzidesign.com\/\" target=\"_blank\" rel=\"noopener\">PETROZZI<\/a><\/strong>._x000D_n_x000D_n<a href=\"https:\/\/1001pateres.com\/brand\/petrozzi\/\">Petrozzi<\/a> tout d&rsquo;abord, est une <strong>marque italienne au design color\u00e9 et aux formes contemporaines<\/strong>. La plupart de ses produits sont r\u00e9alis\u00e9s en <strong>plexiglass<\/strong>._x000D_n_x000D_n1001 Pat\u00e8res l&rsquo;a choisi comme partenaire pour deux de ses <strong>collections de pat\u00e8res: Adele et Abiti Kids<\/strong>. L&rsquo;une comme l&rsquo;autre sont des pat\u00e8res \u00e0 crochets uniques. La premi\u00e8re offre une forme simple mais aux coloris vari\u00e9s. La seconde offre des coloris simples <strong>noir, <a href=\"https:\/\/1001pateres.com\/produit\/patere-design-italien-fille-plexi-blanc-petrozzi-abiti-kids\/\">blanc<\/a>, transparent et fum\u00e9<\/strong>; mais aux formes cultes de <strong>Fille, <a href=\"https:\/\/1001pateres.com\/produit\/patere-design-italien-garcon-plexi-noir-petrozzi-abiti-kids\/\">Gar\u00e7on<\/a>, Chat, et Chien<\/strong>._x000D_n_x000D_nAinsi, Abiti Kids peut \u00eatre utilis\u00e9 non seulement comme porte-serviette, porte-manteau moderne design, comme porte-\u00e9charpe ou encore porte-v\u00eatement! Un vrai <strong>outil polyvalent pour tous<\/strong>!_x000D_n_x000D_nIl est d&rsquo;ailleurs recommand\u00e9 pour <strong>toutes les pi\u00e8ces humides<\/strong> de part sa mati\u00e8re en plexiglass ultra robuste et passe partout. Pensez donc \u00e0 investir dans une collection comme celle-ci pour votre <strong>salle de bain<\/strong>. Ainsi, serviette comme pyjama ou v\u00eatements du quotidien seront <strong>rang\u00e9s<\/strong> et ne traineront plus par terre. L&rsquo;id\u00e9al pour <strong>maximiser le r\u00e9sultat<\/strong> est donc de ne pas investir dans une mais dans <strong>plusieurs mod\u00e8les ou coloris de cette collection<\/strong>._x000D_n_x000D_n&nbsp;_x000D_n<\/p>\n<h3>Installation du porte manteau fill plexiglass noir Petrozzi<\/h3>\n<p>_x000D_nIci, sp\u00e9cifiquement, il s&rsquo;agit d&rsquo;une pat\u00e8re repr\u00e9sentant une <strong>petite fille en plexiglass d\u00e9coup\u00e9 de couleur noire<\/strong>. Il comporte un syst\u00e8me d&rsquo;accrochage par vis \u00e0 mettre dans une cheville qui est fournie._x000D_n_x000D_nElle est facile \u00e0 poser mais n\u00e9cessite une perceuse. Voici ses dimensions:_x000D_n<\/p>\n<ul>_x000D_n \t<\/p>\n<li>La pat\u00e8re Fille en plexi noir: 6 cm X 8 cm<\/li>\n<p>_x000D_n \t<\/p>\n<li>Ecartement du mur 4 cm<\/li>\n<p>_x000D_n<\/ul>\n<p>_x000D_nContactez nous sans attendre via le formulaire de contact en cas de question compl\u00e9mentaire ou demande de devis pour une quantit\u00e9 importante \u00e0 commander.<\/p>\n","protected":false},"excerpt":{"rendered":"<p>Porte-serviette, porte-manteau moderne design en plexiglass qui peut servir de porte-\u00e9charpe ou porte-v\u00eatement par exemple.\u00a0Il s&rsquo;agit du mod\u00e8le <em><strong>ABITI KIDS<\/strong><\/em>\u00a0en forme de petite fille de couleur noir de la marque <b>PETROZZI<\/b>.\u00a0Cette pat\u00e8re est particuli\u00e8rement adapt\u00e9e pour les salles de bain, est de belle qualit\u00e9 et tr\u00e8s r\u00e9sistante \u00e0 l&rsquo;arrachement.<\/p>\n","protected":false},"featured_media":2190,"comment_status":"closed","ping_status":"open","template":"","meta":[],"product_cat":[29,16,32,17],"product_tag":[37],"class_list":["post-580","product","type-product","status-publish","has-post-thumbnail","hentry","product_cat-chambre-adulte","product_cat-chambre-enfant","product_cat-entree-sejour","product_cat-salle-de-bain","product_tag-crochet-patere-patere-design-patere-murale-patere-porte-pateres-porte-chapeau-porte-serviette-porte-torchon-vestiaire","description-off"],"_links":{"self":[{"href":"https:\/\/roulettes.vaniseo.top\/index.php\/wp-json\/wp\/v2\/product\/580","targetHints":{"allow":["GET"]}}],"collection":[{"href":"https:\/\/roulettes.vaniseo.top\/index.php\/wp-json\/wp\/v2\/product"}],"about":[{"href":"https:\/\/roulettes.vaniseo.top\/index.php\/wp-json\/wp\/v2\/types\/product"}],"replies":[{"embeddable":true,"href":"https:\/\/roulettes.vaniseo.top\/index.php\/wp-json\/wp\/v2\/comments?post=580"}],"version-history":[{"count":0,"href":"https:\/\/roulettes.vaniseo.top\/index.php\/wp-json\/wp\/v2\/product\/580\/revisions"}],"wp:featuredmedia":[{"embeddable":true,"href":"https:\/\/roulettes.vaniseo.top\/index.php\/wp-json\/wp\/v2\/media\/2190"}],"wp:attachment":[{"href":"https:\/\/roulettes.vaniseo.top\/index.php\/wp-json\/wp\/v2\/media?parent=580"}],"wp:term":[{"taxonomy":"product_cat","embeddable":true,"href":"https:\/\/roulettes.vaniseo.top\/index.php\/wp-json\/wp\/v2\/product_cat?post=580"},{"taxonomy":"product_tag","embeddable":true,"href":"https:\/\/roulettes.vaniseo.top\/index.php\/wp-json\/wp\/v2\/product_tag?post=580"}],"curies":[{"name":"wp","href":"https:\/\/api.w.org\/{rel}","templated":true}]}}