{"id":584,"date":"2022-04-04T16:22:11","date_gmt":"2022-04-04T14:22:11","guid":{"rendered":"https:\/\/roulettes.vaniseo.top\/index.php\/produit\/patere-en-bois-etoile-de-mer\/"},"modified":"2022-04-04T17:22:24","modified_gmt":"2022-04-04T15:22:24","slug":"patere-en-bois-etoile-de-mer","status":"publish","type":"product","link":"https:\/\/roulettes.vaniseo.top\/index.php\/produit\/patere-en-bois-etoile-de-mer\/","title":{"rendered":"Pat\u00e8re en bois \u00e9toile de mer"},"content":{"rendered":"<h3>Porte manteau en bois \u00e9toile de mer bleue simple crochet<\/h3>\n<p>_x000D_nTout d&rsquo;abord, 1001 Pat\u00e8res vous pr\u00e9sente l&rsquo;ensemble des <strong>caract\u00e9ristiques esth\u00e9tiques<\/strong> et <strong>techniques<\/strong> de cette jolie <strong>pat\u00e8re en bois<\/strong> en forme d&rsquo;<strong>\u00e9toile\u00a0de mer bleue<\/strong>. Nous prendrons aussi quelques lignes pour vous offrir quelques <strong>conseils d&rsquo;installation<\/strong>._x000D_n_x000D_nA noter pour commencer, que cette \u00e9toile de mer s&rsquo;int\u00e8gre dans toute une collection de pat\u00e8res en bois d&rsquo;inspiration marine. Ainsi, il est possible de la retrouver en coloris\u00a0<a href=\"https:\/\/1001pateres.com\/produit\/patere-bois-etoile-de-mer-de-couleur-orange-et-bleu\/\">orange et bleu<\/a>, et\u00a0<a href=\"https:\/\/1001pateres.com\/produit\/patere-deco-marine-etoile-bleu\/\">blanche et touches de bleu<\/a>. Mais vous pourrez choisir un voilier, un poisson, un phare, une mouette etc&#8230;Le tout est \u00e0 d\u00e9couvrir sur la page de la marque <a href=\"https:\/\/1001pateres.com\/brand\/1001pateres\/\">1001 Pat\u00e8res<\/a>._x000D_n_x000D_nC\u00f4t\u00e9 <strong>installation<\/strong>, cette pat\u00e8re en bois s&rsquo;installe dans toute pi\u00e8ce d&rsquo;une maison pour offrir avec <strong>discretion<\/strong> et <strong>\u00e9l\u00e9gance<\/strong>, une nouvelle <strong>solution de rangement<\/strong>._x000D_n_x000D_nEn effet, ce porte manteau en bois en forme d&rsquo;\u00e9toile de mer bleue comporte:_x000D_n<\/p>\n<ul>_x000D_n \t<\/p>\n<li>Une \u00e9toile de mer <strong>en bois, peint \u00e0 la main<\/strong>. Le <em><strong>d\u00e9cor marin<\/strong><\/em> est original et de belle qualit\u00e9. De finitions grossi\u00e8res elle peut cependant avoir de petits d\u00e9fauts qui font tout son charme.<\/li>\n<p>_x000D_n \t<\/p>\n<li>Un crochet avec une petite boule \u00e0 l&rsquo;extr\u00e9mit\u00e9 en <strong>m\u00e9tal blanc<\/strong>. La boule permet de ne pas abimer les choses qui y sont suspendues.<\/li>\n<p>_x000D_n<\/ul>\n<p>_x000D_n&nbsp;_x000D_n<\/p>\n<h3>Pat\u00e8re en bois : comment la fixer au mur?<\/h3>\n<p>_x000D_nEnfin, pour la <strong>pose<\/strong> de cette pat\u00e8re, vous trouverez en haut de l&rsquo;\u00e9toile de mer un <strong>rond en m\u00e9tal<\/strong>. Il vous suffira donc d&rsquo;installer un <strong>crochet<\/strong> ou une <strong>vis<\/strong> de votre choix et d&rsquo;y ins\u00e9rer le rond de la pat\u00e8re en bois._x000D_n_x000D_nComme pour toutes nos pat\u00e8res, veillez \u00e0 v\u00e9rifier la dimension de ce produit selon vos besoins. Ci dessous, nous vous fournissons les\u00a0<strong>dimensions<\/strong> de l&rsquo;\u00e9toile seule et avec son crochet:_x000D_n<\/p>\n<ul>_x000D_n \t<\/p>\n<li>L&rsquo;\u00e9toile de mer est de dimensions : 9 cm X 9,5 cm<\/li>\n<p>_x000D_n \t<\/p>\n<li>Hauteur totale : 17,5 cm<\/li>\n<p>_x000D_n \t<\/p>\n<li>Ecartement du mur : 4,5 cm<\/li>\n<p>_x000D_n<\/ul>\n","protected":false},"excerpt":{"rendered":"<p>Jolie pat\u00e8re d\u00e9co marine\u00a0<strong>\u00e9toile<\/strong>\u00a0de mer.\u00a0Celle-ci est \u00e0 poser partout dans la maison pour ne plus voir ni laisser trainer ses affaires, dans la cuisine, mais aussi dans la salle de bain.\u00a0Aussi elle comporte un crochet avec une petite boule \u00e0 l&rsquo;extr\u00e9mit\u00e9 pour ne pas abimer les affaires et un syst\u00e8me d&rsquo;accrochage simple en m\u00e9tal blanc.\u00a0Le <em><strong>d\u00e9cor marin<\/strong><\/em> est original et de belle qualit\u00e9. De finitions grossi\u00e8res elle peut cependant avoir de petits d\u00e9fauts qui font tout son charme.<\/p>\n","protected":false},"featured_media":2205,"comment_status":"closed","ping_status":"open","template":"","meta":[],"product_cat":[20,17],"product_tag":[27],"class_list":["post-584","product","type-product","status-publish","has-post-thumbnail","hentry","product_cat-cuisine","product_cat-salle-de-bain","product_tag-crochet-patere-patere-design-patere-murale-patere-porte-pateres-porte-serviette-porte-torchon-vestiaire","description-off"],"_links":{"self":[{"href":"https:\/\/roulettes.vaniseo.top\/index.php\/wp-json\/wp\/v2\/product\/584","targetHints":{"allow":["GET"]}}],"collection":[{"href":"https:\/\/roulettes.vaniseo.top\/index.php\/wp-json\/wp\/v2\/product"}],"about":[{"href":"https:\/\/roulettes.vaniseo.top\/index.php\/wp-json\/wp\/v2\/types\/product"}],"replies":[{"embeddable":true,"href":"https:\/\/roulettes.vaniseo.top\/index.php\/wp-json\/wp\/v2\/comments?post=584"}],"version-history":[{"count":0,"href":"https:\/\/roulettes.vaniseo.top\/index.php\/wp-json\/wp\/v2\/product\/584\/revisions"}],"wp:featuredmedia":[{"embeddable":true,"href":"https:\/\/roulettes.vaniseo.top\/index.php\/wp-json\/wp\/v2\/media\/2205"}],"wp:attachment":[{"href":"https:\/\/roulettes.vaniseo.top\/index.php\/wp-json\/wp\/v2\/media?parent=584"}],"wp:term":[{"taxonomy":"product_cat","embeddable":true,"href":"https:\/\/roulettes.vaniseo.top\/index.php\/wp-json\/wp\/v2\/product_cat?post=584"},{"taxonomy":"product_tag","embeddable":true,"href":"https:\/\/roulettes.vaniseo.top\/index.php\/wp-json\/wp\/v2\/product_tag?post=584"}],"curies":[{"name":"wp","href":"https:\/\/api.w.org\/{rel}","templated":true}]}}