{"id":588,"date":"2022-04-04T16:22:11","date_gmt":"2022-04-04T14:22:11","guid":{"rendered":"https:\/\/roulettes.vaniseo.top\/index.php\/produit\/porte-torchon-sur-porte-2-buddy-hooks-blanc-umbra\/"},"modified":"2022-04-04T17:22:27","modified_gmt":"2022-04-04T15:22:27","slug":"porte-torchon-sur-porte-2-buddy-hooks-blanc-umbra","status":"publish","type":"product","link":"https:\/\/roulettes.vaniseo.top\/index.php\/produit\/porte-torchon-sur-porte-2-buddy-hooks-blanc-umbra\/","title":{"rendered":"Porte torchon sur porte 2 BUDDY HOOKS blanc UMBRA"},"content":{"rendered":"<h3>Porte manteau sur porte design blanc avec 2 BUDDY HOOKS<\/h3>\n<p>_x000D_nAvec 1001 Pat\u00e8res, d\u00e9couvrez les d\u00e9tails techniques \u00a0de ce porte torchon sur porte incluant 2 Buddy Hooks blanc, de\u00a0la marque\u00a0<a href=\"https:\/\/1001pateres.com\/brand\/umbra\/\" target=\"_blank\" rel=\"noopener noreferrer\">UMBRA<\/a>._x000D_n_x000D_nUmbra est une marque canadienne proposant des pat\u00e8res murales \u00e0 la fois pratique et \u00e9l\u00e9gante. La collection <a href=\"https:\/\/1001pateres.com\/produit\/porte-manteaux-sticks-umbra-noir\/\">Sticks<\/a> utilise par exemple le concept de pat\u00e8re d\u00e9ployante sur support bois joliment travaill\u00e9, typiquement scandinave._x000D_n_x000D_nIci, les 2 crochets sont en blanc mat. Le porte torchon int\u00e8gre la collection Buddy Hooks. Celle-ci d\u00e9veloppe des <strong>petits personnages sans d\u00e9tail, escaladant le mur<\/strong>. Retrouvez d&rsquo;autres r\u00e9f\u00e9rences avec 3 crochets, aux coloris <a href=\"https:\/\/1001pateres.com\/produit\/set-de-3-pateres-buddy-hooks-pastel-umbra\/\">pastel<\/a>, <a href=\"https:\/\/1001pateres.com\/produit\/set-de-3-pateres-buddy-hooks-blanc-umbra\/\">blanc<\/a>, et <a href=\"https:\/\/1001pateres.com\/produit\/set-de-3-pateres-buddy-hooks-color-umbra\/\">multicolor<\/a>, \u00e0 fixer. Ils sont aux prix de <strong>16,90\u20ac<\/strong>._x000D_n_x000D_nCe porte manteau sur porte \u00e0 2 crochets s&rsquo;utilise essentiellement sur une porte de placard de cuisine. Le porte torchon sur porte 2 BUDDY HOOKS blanc\u00a0<em><strong>UMBRA<\/strong> <\/em>est donc essentiellement conseill\u00e9 pour la cuisine<b>\u00a0pour le\u00a0rangement des torchons et des serviettes du quotidien.<\/b>_x000D_n_x000D_nAinsi, ces pat\u00e8res\u00a0sont <strong>originales<\/strong> et de <strong>belle qualit\u00e9<\/strong>, avec\u00a0de tr\u00e8s <strong>belles finitions<\/strong>.\u00a0<span style=\"line-height: 1.5\">Elles offrent une touche de modernit\u00e9 et d&rsquo;humour dans votre maison. Bien s\u00fbr leur objectif premier d&rsquo;\u00eatre pratique pour y accrocher des <b>torchons\u00a0<\/b>est \u00e9vidente!<\/span>_x000D_n_x000D_n&nbsp;_x000D_n<\/p>\n<h3>Fixer pat\u00e8re sur porte Buddy Hooks Umbra blanc<\/h3>\n<p>_x000D_nAussi, chaque porte manteau sur porte Buddy Hooks est en <strong>plastique dur.<\/strong> Vous aimerez son <strong>toucher doux<\/strong>._x000D_n_x000D_nC\u00f4t\u00e9 accrochage, sans fixation pour une pose en sur-porte.<span style=\"line-height: 1.5\">\u00a0Elles sont donc \u00e0 poser sur toute porte sans trou et sans fixation, comme on le souhaite pour sa d\u00e9coration.<\/span>_x000D_n_x000D_nUne fois install\u00e9e, chaque personnage permet de <strong>supporter un poids de 0,6 kg<\/strong>._x000D_n<\/p>\n<h4><\/h4>\n<p>_x000D_n<\/p>\n<h4><strong>Dimensions porte torchon sur porte<\/strong><\/h4>\n<p>_x000D_nD\u00e9couvrez pour finir une derni\u00e8re v\u00e9rification importante quelque soit votre projet, les dimensions de ce porte torchon:_x000D_n<\/p>\n<ul>_x000D_n \t<\/p>\n<li><strong>Dimension : 12,5 cm X 5,8 cm<\/strong><\/li>\n<p>_x000D_n \t<\/p>\n<li><strong>Epaisseur de porte : 2 cm<\/strong><\/li>\n<p>_x000D_n<\/ul>\n<p>_x000D_nVous l&rsquo;aurez compris, il y a peu de risque pour que ceux ci ne s&rsquo;ins\u00e8rent pas l\u00e0 o\u00f9 vous les imaginez!<\/p>\n","protected":false},"excerpt":{"rendered":"<p>Ce sur-porte de 2 pat\u00e8res mod\u00e8le <strong>BUDDY HOOKS blanc mat<\/strong>\u00a0de la marque <em><strong>UMBRA<\/strong> <\/em>est \u00e0 poser dans la cuisine au dessus des portes pour ne plus voir trainer ses torchons. Chaque pat\u00e8re personnage en blanc est en plastique dur au toucher doux. Chaque personnage permet de supporter un poids de 0,6 kg. Cette pat\u00e8re sur-porte est originale et de belle qualit\u00e9 et peut se poser sur une porte de placard de cuisine pour poser ses torchons.\u00a0<span style=\"line-height: 1.5\">Elles permettent une touche de modernit\u00e9 dans votre cuisine tout en restant tr\u00e8s pratiques.<\/span><\/p>\n","protected":false},"featured_media":2217,"comment_status":"closed","ping_status":"open","template":"","meta":[],"product_cat":[20],"product_tag":[27],"class_list":["post-588","product","type-product","status-publish","has-post-thumbnail","hentry","product_cat-cuisine","product_tag-crochet-patere-patere-design-patere-murale-patere-porte-pateres-porte-serviette-porte-torchon-vestiaire","description-off"],"_links":{"self":[{"href":"https:\/\/roulettes.vaniseo.top\/index.php\/wp-json\/wp\/v2\/product\/588","targetHints":{"allow":["GET"]}}],"collection":[{"href":"https:\/\/roulettes.vaniseo.top\/index.php\/wp-json\/wp\/v2\/product"}],"about":[{"href":"https:\/\/roulettes.vaniseo.top\/index.php\/wp-json\/wp\/v2\/types\/product"}],"replies":[{"embeddable":true,"href":"https:\/\/roulettes.vaniseo.top\/index.php\/wp-json\/wp\/v2\/comments?post=588"}],"version-history":[{"count":0,"href":"https:\/\/roulettes.vaniseo.top\/index.php\/wp-json\/wp\/v2\/product\/588\/revisions"}],"wp:featuredmedia":[{"embeddable":true,"href":"https:\/\/roulettes.vaniseo.top\/index.php\/wp-json\/wp\/v2\/media\/2217"}],"wp:attachment":[{"href":"https:\/\/roulettes.vaniseo.top\/index.php\/wp-json\/wp\/v2\/media?parent=588"}],"wp:term":[{"taxonomy":"product_cat","embeddable":true,"href":"https:\/\/roulettes.vaniseo.top\/index.php\/wp-json\/wp\/v2\/product_cat?post=588"},{"taxonomy":"product_tag","embeddable":true,"href":"https:\/\/roulettes.vaniseo.top\/index.php\/wp-json\/wp\/v2\/product_tag?post=588"}],"curies":[{"name":"wp","href":"https:\/\/api.w.org\/{rel}","templated":true}]}}