{"id":610,"date":"2022-04-04T16:22:15","date_gmt":"2022-04-04T14:22:15","guid":{"rendered":"https:\/\/roulettes.vaniseo.top\/index.php\/produit\/patere-bois-blanc-et-fleur-bleue-4-crochets-doubles-metal-vieilli\/"},"modified":"2022-04-04T17:22:37","modified_gmt":"2022-04-04T15:22:37","slug":"patere-bois-blanc-et-fleur-bleue-4-crochets-doubles-metal-vieilli","status":"publish","type":"product","link":"https:\/\/roulettes.vaniseo.top\/index.php\/produit\/patere-bois-blanc-et-fleur-bleue-4-crochets-doubles-metal-vieilli\/","title":{"rendered":"Pat\u00e8re bois blanc et fleur bleue 4 crochets doubles m\u00e9tal vieilli"},"content":{"rendered":"<h3>Porte manteau bois blanc et imprim\u00e9 fleur bleue avec 4 crochets NESU<\/h3>\n<p>_x000D_nUn petit c\u00f4t\u00e9 fleurs bleues?! D\u00e9couvrez ici la <strong>pat\u00e8re bois blanc et fleur bleue<\/strong> comme imprim\u00e9, c\u00f4t\u00e9 crochets. De la marque <strong>NESU<\/strong>, profitez de<strong> 4 crochets double en m\u00e9tal vieilli et embouts boules<\/strong>._x000D_n_x000D_nEn effet, 1001 Pat\u00e8res est le<strong> n\u00b01 en France de la vente de pat\u00e8res et porte manteaux<\/strong>. Il propose de nombreuses marques internationales offrant des design vari\u00e9s. Cela vous permet de <strong>maximiser le rangement tout en optimisant votre d\u00e9coration.<\/strong>_x000D_n_x000D_nAinsi, ci-contre ici il s&rsquo;agit de la marque <strong>NESU<\/strong>. Nous avons s\u00e9lectionn\u00e9 chez elle des <strong>supports bois<\/strong>, la plupart du temps. Tous disposent de <strong>4 crochets<\/strong>. De <strong>nombreux styles pour toute la famille<\/strong> sont donc \u00e0 d\u00e9couvrir sur la page de cette marque <a href=\"https:\/\/1001pateres.com\/brand\/nesu\/\">NESU<\/a>._x000D_n_x000D_n&nbsp;_x000D_n<\/p>\n<h3>Pat\u00e8res bois blanc et fleur bleue NESU<\/h3>\n<p>_x000D_nPar ailleurs, ci-contre, il s&rsquo;agit d&rsquo;un porte manteau bois blanc et imprim\u00e9 fleur bleue. Il dispose de 4<strong> crochets doubles en m\u00e9tal vieilli avec des embouts boules<\/strong>. L&rsquo;avantage de ces embouts est de ne pas marquer les v\u00eatements et de bien retenir tout accessoire suspendu._x000D_n_x000D_nAvec ces m\u00eames crochets, mais dans des <strong>imprim\u00e9s diff\u00e9rents<\/strong>, retrouvez sur notre site les versions NESU:_x000D_n<\/p>\n<ul>_x000D_n \t<\/p>\n<li style=\"list-style-type: none\">_x000D_n\n<ul>_x000D_n \t<\/p>\n<li><a href=\"https:\/\/1001pateres.com\/produit\/patere-bois-blanc-vielli-crochets-acier-vieilli\/\">Pat\u00e8re bois blanc d\u00e9cap\u00e9 avec 4 crochets acier vieilli NESU<\/a><\/li>\n<p>_x000D_n \t<\/p>\n<li><a href=\"https:\/\/1001pateres.com\/produit\/patere-bois-vieilli-sur-fond-patchwork\/\">Pat\u00e8re bois vieilli sur fond patchwork<\/a><\/li>\n<p>_x000D_n \t<\/p>\n<li><a href=\"https:\/\/1001pateres.com\/produit\/patere-bois-lotus-sur-fond-violet\/\">Porte manteau bois mural lotus sur fond violet<\/a><\/li>\n<p>_x000D_n \t<\/p>\n<li><a href=\"https:\/\/1001pateres.com\/produit\/patere-bois-blanc-vieilli-crochets-noir-vieilli\/\">Pat\u00e8re bois blanc d\u00e9cap\u00e9e et crochets noirs vieillis<\/a><\/li>\n<p>_x000D_n<\/ul>\n<p>_x000D_n<\/li>\n<p>_x000D_n<\/ul>\n<p>_x000D_n&nbsp;_x000D_n<\/p>\n<h3>Installer une pat\u00e8re bois NESU disponible chez 1001 Pat\u00e8res<\/h3>\n<p>_x000D_nPour finir, et afin d&rsquo;anticiper son <strong>installation<\/strong>, voici les <strong>dimensions<\/strong> de cette pat\u00e8re bois ci dessous:_x000D_n<\/p>\n<ul>_x000D_n \t<\/p>\n<li>Support en bois: 40,5 cm X 10,5 cm<\/li>\n<p>_x000D_n \t<\/p>\n<li>Crochets double: 13 cm<\/li>\n<p>_x000D_n \t<\/p>\n<li>Ecartement du mur: 7 cm<\/li>\n<p>_x000D_n<\/ul>\n<p>_x000D_nVous n&rsquo;aurez donc aucun mal \u00e0 lui trouver une place dans une entr\u00e9e, comme dans toute autre pi\u00e8ce disposant de touche de bleue ou de coloris pastels. Gr\u00e2ce \u00e0 la qualit\u00e9 de ses mat\u00e9riaux, et le support de charge de tels crochets, vous aimerez maximiser votre rangement avec \u00e9l\u00e9gance._x000D_n_x000D_nVous noterez que l\u2019installation requiert seulement <strong>2 vis et chevilles fournies et votre perceuse<\/strong>.<\/p>\n","protected":false},"excerpt":{"rendered":"<p>Ce porte-manteaux design pour l&rsquo;<strong>ENTREE<\/strong> comportant 4 pat\u00e8res doubles en m\u00e9tal vieilli de la marque <em><strong>NESU<\/strong><\/em> est en bois blanc sur <em>fond de fleurs bleues<\/em> avec les accroches doubles avec embouts boules. Il est \u00e0 poser partout dans la maison pour ne plus voir trainer ses affaires.\u00a0Son\u00a0syst\u00e8me d&rsquo;accrochage est simple, Les fixations au dos sont non visibles une fois pos\u00e9e sur le mur. Il est\u00a0original et de belle qualit\u00e9, en m\u00e9tal et en bois.<\/p>\n","protected":false},"featured_media":2248,"comment_status":"closed","ping_status":"open","template":"","meta":[],"product_cat":[29,16,20,32,17],"product_tag":[25],"class_list":["post-610","product","type-product","status-publish","has-post-thumbnail","hentry","product_cat-chambre-adulte","product_cat-chambre-enfant","product_cat-cuisine","product_cat-entree-sejour","product_cat-salle-de-bain","product_tag-crochet-patere-patere-design-patere-murale-patere-porte-pateres-porte-manteau-porte-serviette-porte-torchon-vestiaire","description-off"],"_links":{"self":[{"href":"https:\/\/roulettes.vaniseo.top\/index.php\/wp-json\/wp\/v2\/product\/610","targetHints":{"allow":["GET"]}}],"collection":[{"href":"https:\/\/roulettes.vaniseo.top\/index.php\/wp-json\/wp\/v2\/product"}],"about":[{"href":"https:\/\/roulettes.vaniseo.top\/index.php\/wp-json\/wp\/v2\/types\/product"}],"replies":[{"embeddable":true,"href":"https:\/\/roulettes.vaniseo.top\/index.php\/wp-json\/wp\/v2\/comments?post=610"}],"version-history":[{"count":0,"href":"https:\/\/roulettes.vaniseo.top\/index.php\/wp-json\/wp\/v2\/product\/610\/revisions"}],"wp:featuredmedia":[{"embeddable":true,"href":"https:\/\/roulettes.vaniseo.top\/index.php\/wp-json\/wp\/v2\/media\/2248"}],"wp:attachment":[{"href":"https:\/\/roulettes.vaniseo.top\/index.php\/wp-json\/wp\/v2\/media?parent=610"}],"wp:term":[{"taxonomy":"product_cat","embeddable":true,"href":"https:\/\/roulettes.vaniseo.top\/index.php\/wp-json\/wp\/v2\/product_cat?post=610"},{"taxonomy":"product_tag","embeddable":true,"href":"https:\/\/roulettes.vaniseo.top\/index.php\/wp-json\/wp\/v2\/product_tag?post=610"}],"curies":[{"name":"wp","href":"https:\/\/api.w.org\/{rel}","templated":true}]}}