{"id":637,"date":"2022-04-04T16:22:23","date_gmt":"2022-04-04T14:22:23","guid":{"rendered":"https:\/\/roulettes.vaniseo.top\/index.php\/produit\/patere-vintage-a-crochet-porcelaine-surf-nesu\/"},"modified":"2022-04-04T17:22:52","modified_gmt":"2022-04-04T15:22:52","slug":"patere-vintage-a-crochet-porcelaine-surf-nesu","status":"publish","type":"product","link":"https:\/\/roulettes.vaniseo.top\/index.php\/produit\/patere-vintage-a-crochet-porcelaine-surf-nesu\/","title":{"rendered":"Pat\u00e8re vintage \u00e0 crochet porcelaine surf NESU"},"content":{"rendered":"<h3>Plaque m\u00e9tallique Surf et son crochet \u00e0 embout porcelaine<\/h3>\n<p>_x000D_nApr\u00e8s <a href=\"https:\/\/1001pateres.com\/produit\/patere-vintage-crochet-porcelaine-paris-nesu\/\">Paris<\/a> ou la <a href=\"https:\/\/1001pateres.com\/produit\/patere-vintage-crochet-porcelaine-tour-eiffel-nesu\/\">Tour Eiffel<\/a>, la marque <a href=\"https:\/\/1001pateres.com\/brand\/nesu\/\"><strong>NESU<\/strong><\/a>\u00a0vous emm\u00e8ne en Californie avec cette <strong>pat\u00e8re vintage \u00e0 crochet porcelaine<\/strong> sur le th\u00e8me du surf._x000D_n_x000D_nEn effet, 1001 Pat\u00e8res est le n\u00b01 de la vente en ligne de pat\u00e8res et porte manteaux en France. Pour ce faire, il propose de nombreuses marques internationales comme <strong>NESU\u00a0<\/strong>sur ce site._x000D_n_x000D_nAinsi, en choisissant cette collection, vous offrez \u00e0 votre maison du <strong>rangement<\/strong> et de la <strong>d\u00e9coration<\/strong>. Cette pat\u00e8re dispose en effet d&rsquo;un <strong>cadre en acier peint<\/strong> et d&rsquo;un <strong>crochet noir<\/strong> muni d&rsquo;un <strong>embout en porcelaine beige<\/strong>. De ce fait, m\u00eame si une veste est suspendue, il est toujours possible de percevoir l&rsquo;image peinte. A noter qu&rsquo;il est possible de suspendre jusqu&rsquo;\u00e0 <strong>5 kg de charge sur chacune<\/strong>._x000D_n_x000D_nCi-contre, l&rsquo;image en question est dans les <strong>tons vert et beige<\/strong>. Elle\u00a0offre une ambiance vintage de surf californienne. On retiendra donc que le d\u00e9cor \u00e0 l\u2019ancienne\u00a0est original et de belle qualit\u00e9._x000D_n_x000D_n&nbsp;_x000D_n<\/p>\n<h3>Plaques m\u00e9talliques d\u00e9coratives vari\u00e9es chez 1001 Pat\u00e8res<\/h3>\n<p>_x000D_nN\u2019h\u00e9sitez pas \u00e0 varier les plaisirs en d\u00e9multipliant les crochets gr\u00e2ce \u00e0 de nombreuses plaques m\u00e9talliques \u00e0 crochet disponibles sur ce site 1001 Pat\u00e8res. Vous approfondirez le style tout en variant les images._x000D_n_x000D_nPar ailleurs, cette r\u00e9f\u00e9rence est \u00e0 retrouver dans une <a href=\"https:\/\/1001pateres.com\/produit\/patere-vintage-surf-california\/\">version \u00e0 4 crochets<\/a> et 4 images associ\u00e9es. Ainsi, dans cet esprit, retrouvez aussi les mod\u00e8les skate et planche de surf .\u00a0Sinon, des formats\u00a0<strong>rectangulaire paysage<\/strong>\u00a0et\u00a0<strong>portrait<\/strong> propose des th\u00e8mes cartes postales, floraux, caf\u00e9._x000D_n_x000D_n&nbsp;_x000D_n<\/p>\n<h3>Pat\u00e8re vintage crochet porcelaine surf NESU<\/h3>\n<p>_x000D_nEnfin, cette pat\u00e8re vintage \u00e0 crochet en porcelaine\u00a0tient au mur <strong>avec un crochet ou une<\/strong> vis, au choix. Tenez compte de ses <strong>dimensions<\/strong>, surtout si vous la d\u00e9multipliez \u00e0 savoir:_x000D_n<\/p>\n<ul>_x000D_n \t<\/p>\n<li>Support: 10 cm x 10 cm<\/li>\n<p>_x000D_n \t<\/p>\n<li>Ecartement du mur: 7 cm<\/li>\n<p>_x000D_n<\/ul>\n<p>_x000D_nN\u2019h\u00e9sitez pas \u00e0 nous contacter pour plus d\u2019informations via le formulaire disponible en page Contact.<\/p>\n","protected":false},"excerpt":{"rendered":"<p>Choisissez cette pat\u00e8re vintage \u00e0 crochet porcelaine surf en acier peint de chez NESU pour offrir un style californien \u00e0 votre d\u00e9coration._x000D_n_x000D_nPar ailleurs, cette pat\u00e8re d\u00e9core et range sans marquer les \u00e9l\u00e9ments qui y sont suspendus gr\u00e2ce \u00e0 l&#8217;embout porcelaine. Simple d\u2019accrochage, passe partout, et robuste, elle supporte jusqu\u2019\u00e0 5 kg de charge.<\/p>\n","protected":false},"featured_media":2302,"comment_status":"closed","ping_status":"open","template":"","meta":[],"product_cat":[29,16,20,32,30],"product_tag":[27],"class_list":["post-637","product","type-product","status-publish","has-post-thumbnail","hentry","product_cat-chambre-adulte","product_cat-chambre-enfant","product_cat-cuisine","product_cat-entree-sejour","product_cat-garage-cellier","product_tag-crochet-patere-patere-design-patere-murale-patere-porte-pateres-porte-serviette-porte-torchon-vestiaire","description-off"],"_links":{"self":[{"href":"https:\/\/roulettes.vaniseo.top\/index.php\/wp-json\/wp\/v2\/product\/637","targetHints":{"allow":["GET"]}}],"collection":[{"href":"https:\/\/roulettes.vaniseo.top\/index.php\/wp-json\/wp\/v2\/product"}],"about":[{"href":"https:\/\/roulettes.vaniseo.top\/index.php\/wp-json\/wp\/v2\/types\/product"}],"replies":[{"embeddable":true,"href":"https:\/\/roulettes.vaniseo.top\/index.php\/wp-json\/wp\/v2\/comments?post=637"}],"version-history":[{"count":0,"href":"https:\/\/roulettes.vaniseo.top\/index.php\/wp-json\/wp\/v2\/product\/637\/revisions"}],"wp:featuredmedia":[{"embeddable":true,"href":"https:\/\/roulettes.vaniseo.top\/index.php\/wp-json\/wp\/v2\/media\/2302"}],"wp:attachment":[{"href":"https:\/\/roulettes.vaniseo.top\/index.php\/wp-json\/wp\/v2\/media?parent=637"}],"wp:term":[{"taxonomy":"product_cat","embeddable":true,"href":"https:\/\/roulettes.vaniseo.top\/index.php\/wp-json\/wp\/v2\/product_cat?post=637"},{"taxonomy":"product_tag","embeddable":true,"href":"https:\/\/roulettes.vaniseo.top\/index.php\/wp-json\/wp\/v2\/product_tag?post=637"}],"curies":[{"name":"wp","href":"https:\/\/api.w.org\/{rel}","templated":true}]}}