{"id":642,"date":"2022-04-04T16:22:23","date_gmt":"2022-04-04T14:22:23","guid":{"rendered":"https:\/\/roulettes.vaniseo.top\/index.php\/produit\/patere-vintage-4-crochets-porcelaine-yacht-club-coquille-saint-jacques\/"},"modified":"2022-04-04T17:22:53","modified_gmt":"2022-04-04T15:22:53","slug":"patere-vintage-4-crochets-porcelaine-yacht-club-coquille-saint-jacques","status":"publish","type":"product","link":"https:\/\/roulettes.vaniseo.top\/index.php\/produit\/patere-vintage-4-crochets-porcelaine-yacht-club-coquille-saint-jacques\/","title":{"rendered":"Pat\u00e8re vintage 4 crochets porcelaine Yacht Club coquille saint-jacques"},"content":{"rendered":"<h3>Porte serviette vintage style nautique 4 boutons porcelaine<\/h3>\n<p>_x000D_n1001 Pat\u00e8res vous d\u00e9crit ici sa <strong>pat\u00e8re vintage 4 crochets porcelaine<\/strong> de style <strong>Yacht Club<\/strong>, avec 2 <strong>coquilles saint-jacques<\/strong> en son centre, de la marque <strong>NESU<\/strong>._x000D_n_x000D_nTout d\u2019abord, <a href=\"https:\/\/1001pateres.com\/brand\/nesu\/\">NESU<\/a>\u00a0qui est l\u2019une des marques les plus mises en avant sur notre site avec deux grandes collections:_x000D_n<\/p>\n<ul>_x000D_n \t<\/p>\n<li>Des pat\u00e8res les plus classiques qui soient en forme de\u00a0<strong>rectangle en pin avec 3 boutons ronds\u00a0<\/strong>ne d\u00e9formant pas les v\u00eatements.<\/li>\n<p>_x000D_n \t<\/p>\n<li>Une ligne plus <strong>stylis\u00e9e avec<\/strong>\u00a0un style et une th\u00e9matique sp\u00e9cifique \u00e0 chaque fois, sur un <strong>support rectangulaire<\/strong> en <a href=\"https:\/\/1001pateres.com\/produit\/patere-bois-vieilli-sur-fond-patchwork\/\">bois<\/a> ou <strong>en m\u00e9tal avec<\/strong>\u00a0<strong>4 crochets<\/strong>\u00a0pour suspendre ses affaires.<\/li>\n<p>_x000D_n<\/ul>\n<p>_x000D_n&nbsp;_x000D_n<\/p>\n<h3>Porte manteau vieilli en m\u00e9tal th\u00e8me Yacht club<\/h3>\n<p>_x000D_nIci, ce porte serviette vintage propose un th\u00e8me Yacht Club, sur une plaque en m\u00e9tal. L&rsquo;imprim\u00e9 est une affiche vieillie mentionnant les termes Yacht Club et autres messages en \u00e9criture manuscrite. \u00a0En son centre, pour contraster, des coquilles saint-jacques bleu et sable offrent une touche \u00e9l\u00e9gante suppl\u00e9mentaire._x000D_n_x000D_nAinsi, ce style vintage est parfait pour une entr\u00e9e, une cuisine, un salon, une biblioth\u00e8que ou encore une <strong>chambre masculine<\/strong>. Retrouvez sous l&rsquo;illustration, 4 crochets avec embout en porcelaine pour ne pas abimer les v\u00eatements. Ce porte manteau vieilli en m\u00e9tal aide autant au rangement qu\u2019il d\u00e9core votre maison._x000D_n_x000D_n&nbsp;_x000D_n<\/p>\n<h3>Conseils d\u2019installation de la pat\u00e8re vintage 4 crochets<\/h3>\n<p>_x000D_nDe plus, son\u00a0syst\u00e8me d\u2019<strong>accrochage<\/strong> est simple et efficace. La fixation se fait avec <strong>2 vis et chevilles incluses<\/strong> et\u00a0l\u2019usage de votre perceuse. Pensez seulement \u00e0 tenir compte de ses dimensions que voici:_x000D_n<\/p>\n<ul>_x000D_n \t<\/p>\n<li>Le support: 40 cm X 10 cm<\/li>\n<p>_x000D_n \t<\/p>\n<li>Ecartement du mur: 7 cm<\/li>\n<p>_x000D_n<\/ul>\n<p>_x000D_nEnfin, retrouvez sur notre site et dans le m\u00eame esprit vintage, d&rsquo;autres porte manteaux de la m\u00eame marque NESU et de la m\u00eame collection, dans les th\u00e9matiques suivantes:_x000D_n<\/p>\n<ul>_x000D_n \t<\/p>\n<li><a href=\"https:\/\/1001pateres.com\/produit\/patere-vintage-cuisine-food\/\">Cuisine<\/a><\/li>\n<p>_x000D_n \t<\/p>\n<li><a href=\"https:\/\/1001pateres.com\/produit\/patere-garage-voitures-americaines\/\">Garage<\/a><\/li>\n<p>_x000D_n \t<\/p>\n<li><a href=\"https:\/\/1001pateres.com\/produit\/patere-vintage-new-york\/\">New York<\/a><\/li>\n<p>_x000D_n \t<\/p>\n<li><a href=\"https:\/\/1001pateres.com\/produit\/patere-vintage-motos-riders\/\">Motos Riders<\/a><\/li>\n<p>_x000D_n \t<\/p>\n<li><a href=\"https:\/\/1001pateres.com\/produit\/patere-vintage-surf-california\/\">Surf California<\/a><\/li>\n<p>_x000D_n \t<\/p>\n<li><a href=\"https:\/\/1001pateres.com\/produit\/patere-vintage-cuisine-breakfast\/\">Breakfast<\/a><\/li>\n<p>_x000D_n \t<\/p>\n<li><a href=\"https:\/\/1001pateres.com\/produit\/patere-vintage-maison-jean-helion\/\">Maison Jean Helion<\/a><\/li>\n<p>_x000D_n \t<\/p>\n<li><a href=\"https:\/\/1001pateres.com\/produit\/patere-vintage-salle-de-bain\/\">Salle de bain<\/a><\/li>\n<p>_x000D_n \t<\/p>\n<li><a href=\"https:\/\/1001pateres.com\/produit\/patere-vintage-fleur-lavande\/\">Fleur Lavande<\/a><\/li>\n<p>_x000D_n<\/ul>\n","protected":false},"excerpt":{"rendered":"<p>Cette pat\u00e8re<strong>\u00a0vintage<\/strong> valorise le style nautique Yachting Club\u00a0sur un <strong>support rectangulaire en m\u00e9tal<\/strong>. Elle offre\u00a0<strong>4 crochets\u00a0<\/strong>pour suspendre vos affaires. <strong>Facile \u00e0 fixer<\/strong>, il permet aussi bien de <strong>d\u00e9corer<\/strong> que de <strong>ranger<\/strong> vos affaires sur des <strong>embouts qui ne d\u00e9forment pas les v\u00eatements<\/strong>. 1001 Pat\u00e8res vous la recommande aussi bien pour une cuisine, une entr\u00e9e qu\u2019une chambre masculine.<\/p>\n","protected":false},"featured_media":2307,"comment_status":"closed","ping_status":"open","template":"","meta":[],"product_cat":[20,17],"product_tag":[25],"class_list":["post-642","product","type-product","status-publish","has-post-thumbnail","hentry","product_cat-cuisine","product_cat-salle-de-bain","product_tag-crochet-patere-patere-design-patere-murale-patere-porte-pateres-porte-manteau-porte-serviette-porte-torchon-vestiaire","description-off"],"_links":{"self":[{"href":"https:\/\/roulettes.vaniseo.top\/index.php\/wp-json\/wp\/v2\/product\/642","targetHints":{"allow":["GET"]}}],"collection":[{"href":"https:\/\/roulettes.vaniseo.top\/index.php\/wp-json\/wp\/v2\/product"}],"about":[{"href":"https:\/\/roulettes.vaniseo.top\/index.php\/wp-json\/wp\/v2\/types\/product"}],"replies":[{"embeddable":true,"href":"https:\/\/roulettes.vaniseo.top\/index.php\/wp-json\/wp\/v2\/comments?post=642"}],"version-history":[{"count":0,"href":"https:\/\/roulettes.vaniseo.top\/index.php\/wp-json\/wp\/v2\/product\/642\/revisions"}],"wp:featuredmedia":[{"embeddable":true,"href":"https:\/\/roulettes.vaniseo.top\/index.php\/wp-json\/wp\/v2\/media\/2307"}],"wp:attachment":[{"href":"https:\/\/roulettes.vaniseo.top\/index.php\/wp-json\/wp\/v2\/media?parent=642"}],"wp:term":[{"taxonomy":"product_cat","embeddable":true,"href":"https:\/\/roulettes.vaniseo.top\/index.php\/wp-json\/wp\/v2\/product_cat?post=642"},{"taxonomy":"product_tag","embeddable":true,"href":"https:\/\/roulettes.vaniseo.top\/index.php\/wp-json\/wp\/v2\/product_tag?post=642"}],"curies":[{"name":"wp","href":"https:\/\/api.w.org\/{rel}","templated":true}]}}