{"id":648,"date":"2022-04-04T16:22:23","date_gmt":"2022-04-04T14:22:23","guid":{"rendered":"https:\/\/roulettes.vaniseo.top\/index.php\/produit\/porte-manteau-bois-flotte-et-metal-umbra-avec-8-pateres\/"},"modified":"2022-04-04T17:22:54","modified_gmt":"2022-04-04T15:22:54","slug":"porte-manteau-bois-flotte-et-metal-umbra-avec-8-pateres","status":"publish","type":"product","link":"https:\/\/roulettes.vaniseo.top\/index.php\/produit\/porte-manteau-bois-flotte-et-metal-umbra-avec-8-pateres\/","title":{"rendered":"Porte-manteau bois flott\u00e9 et m\u00e9tal UMBRA avec 8 pat\u00e8res"},"content":{"rendered":"<h2>Porte manteau en bois flott\u00e9 mural Umbra<\/h2>\n<p>_x000D_n<strong>1001 Pat\u00e8res<\/strong> vous propose de d\u00e9couvrir ici un p<strong>orte manteau en bois flott\u00e9 offrant 8 pat\u00e8res en m\u00e9tal mobiles<\/strong>. Cette pat\u00e8re design est sign\u00e9e de la marque phare sur notre site: <strong>Umbra<\/strong>._x000D_n_x000D_nEn effet, 1001 Pat\u00e8res est le n\u00b01 en ligne en France, pour la vente de pat\u00e8res et porte manteaux. Il propose non seulement ses propres r\u00e9f\u00e9rences mais s\u00e9lectionne aussi pour vous des marques internationales au rapport qualit\u00e9 prix parfait._x000D_n_x000D_nAinsi, vous d\u00e9couvrez par exemple ici la marque <a href=\"https:\/\/1001pateres.com\/brand\/Umbra\/\">Umbra<\/a>. Cette marque scandinave est l&rsquo;une des mieux repr\u00e9sent\u00e9es et vendues sur ce site. Ce mod\u00e8le de <strong>porte manteaux \u00e0 pat\u00e8res d\u00e9ployantes<\/strong> est pr\u00e9sente en de nombreux mod\u00e8les._x000D_n_x000D_n&nbsp;_x000D_n<\/p>\n<h3>Pat\u00e8res multiples d\u00e9ployantes Umbra<\/h3>\n<p>_x000D_nAinsi, selon la place de votre espace de rangement pour vestes et accessoires, et si ce style vous plait, il est possible de retrouver cette r\u00e9f\u00e9rence ci-contre comme de nombreuses autres variant de <strong>coloris<\/strong> et de <strong>longueur<\/strong> et donc de n<strong>ombre de crochets mobiles.<\/strong> Retrouvez par exemple les mod\u00e8les suivants:_x000D_n<\/p>\n<ul>_x000D_n \t<\/p>\n<li><a href=\"https:\/\/1001pateres.com\/produit\/porte-manteaux-5-pateres-metal-umbra-noir\/\">Patere bois et metal noir Umbra \u00e0 5 accroches d\u00e9ployantes<\/a><\/li>\n<p>_x000D_n \t<\/p>\n<li><a href=\"https:\/\/1001pateres.com\/produit\/patere-repliable-flip-valet-hook-umbra-laque-blanc\/\">Pat\u00e8re murale repliable laqu\u00e9 blanche FLIP VALET HOOK UMBRA<\/a><\/li>\n<p>_x000D_n \t<\/p>\n<li><a href=\"https:\/\/1001pateres.com\/produit\/porte-manteaux-3-pateres-bois-flotte-et-metal-umbra\/\">Porte manteau bois flott\u00e9 et m\u00e9tal UMBRA avec 3 pat\u00e8res<\/a><\/li>\n<p>_x000D_n<\/ul>\n<p>_x000D_nEnfin, dans un autre registre; nous vous conseillons de d\u00e9couvrir aussi chez Umbra, la collection des <a href=\"https:\/\/1001pateres.com\/produit\/pateres-sur-porte-4-buddy-hooks-blanc-umbra\/\" target=\"_blank\" rel=\"noopener\">Buddy Hooks<\/a> qui cartonnent!_x000D_n_x000D_n&nbsp;_x000D_n<\/p>\n<h3>Pat\u00e8re design \u00e0 8 crochets Umbra<\/h3>\n<p>_x000D_nPour finir, ci-contre, concr\u00e8tement le porte-manteau bois flott\u00e9 et m\u00e9tal dispose d&rsquo;un support de <strong>dimensions<\/strong>\u00a081,3 cm X 6,5 cm sur une \u00e9paisseur totale au mur de 3,1 cm._x000D_n_x000D_nLe support est lui en bois flott\u00e9 et les 8 pat\u00e8res en m\u00e9tal. Quand vous les utilisez pour suspendre, il suffit de les ouvrir, puis de les fermer une fois celle-ci ne supportant plus d&rsquo;affaires._x000D_n_x000D_nAvec 8 crochets, vous aurez <strong>vraiment de la place<\/strong> pour <strong>optimiser votre rangement<\/strong> dans une entr\u00e9e, une chambre, un vestiaire ou encore un bureau professionnel, le tout avec <strong>beaucoup de style et de design<\/strong>.<\/p>\n","protected":false},"excerpt":{"rendered":"<p>Cette pat\u00e8re design est sign\u00e9e de la marque phare sur notre site: <strong>Umbra<\/strong>. Elle dispose d&rsquo;un support en bois flott\u00e9 et de <strong>8 pat\u00e8res d\u00e9ployantes en m\u00e9tal<\/strong>. Existe en de nombreux coloris et longueurs. Id\u00e9ale pour une chambre, une salle de bain ou encore une entr\u00e9e.<\/p>\n","protected":false},"featured_media":2315,"comment_status":"closed","ping_status":"open","template":"","meta":[],"product_cat":[29,32,17],"product_tag":[25],"class_list":["post-648","product","type-product","status-publish","has-post-thumbnail","hentry","product_cat-chambre-adulte","product_cat-entree-sejour","product_cat-salle-de-bain","product_tag-crochet-patere-patere-design-patere-murale-patere-porte-pateres-porte-manteau-porte-serviette-porte-torchon-vestiaire","description-off"],"_links":{"self":[{"href":"https:\/\/roulettes.vaniseo.top\/index.php\/wp-json\/wp\/v2\/product\/648","targetHints":{"allow":["GET"]}}],"collection":[{"href":"https:\/\/roulettes.vaniseo.top\/index.php\/wp-json\/wp\/v2\/product"}],"about":[{"href":"https:\/\/roulettes.vaniseo.top\/index.php\/wp-json\/wp\/v2\/types\/product"}],"replies":[{"embeddable":true,"href":"https:\/\/roulettes.vaniseo.top\/index.php\/wp-json\/wp\/v2\/comments?post=648"}],"version-history":[{"count":0,"href":"https:\/\/roulettes.vaniseo.top\/index.php\/wp-json\/wp\/v2\/product\/648\/revisions"}],"wp:featuredmedia":[{"embeddable":true,"href":"https:\/\/roulettes.vaniseo.top\/index.php\/wp-json\/wp\/v2\/media\/2315"}],"wp:attachment":[{"href":"https:\/\/roulettes.vaniseo.top\/index.php\/wp-json\/wp\/v2\/media?parent=648"}],"wp:term":[{"taxonomy":"product_cat","embeddable":true,"href":"https:\/\/roulettes.vaniseo.top\/index.php\/wp-json\/wp\/v2\/product_cat?post=648"},{"taxonomy":"product_tag","embeddable":true,"href":"https:\/\/roulettes.vaniseo.top\/index.php\/wp-json\/wp\/v2\/product_tag?post=648"}],"curies":[{"name":"wp","href":"https:\/\/api.w.org\/{rel}","templated":true}]}}