{"id":650,"date":"2022-04-04T16:22:23","date_gmt":"2022-04-04T14:22:23","guid":{"rendered":"https:\/\/roulettes.vaniseo.top\/index.php\/produit\/patere-ronde-en-polyresine-noir-mat-wenko\/"},"modified":"2022-04-04T17:22:56","modified_gmt":"2022-04-04T15:22:56","slug":"patere-ronde-en-polyresine-noir-mat-wenko","status":"publish","type":"product","link":"https:\/\/roulettes.vaniseo.top\/index.php\/produit\/patere-ronde-en-polyresine-noir-mat-wenko\/","title":{"rendered":"Pat\u00e8re ronde en polyr\u00e9sine noir mat WENKO"},"content":{"rendered":"<h3>Pat\u00e8re ronde noire mat WENKO<\/h3>\n<p>_x000D_n<strong>1001 Pat\u00e8res<\/strong> vous propose ici une nouvelle pat\u00e8re sign\u00e9e <strong>WENKO<\/strong>. Toujours murale, il s&rsquo;agit cette fois d&rsquo;une <strong>pat\u00e8re ronde en polyr\u00e9sine noir mat<\/strong>._x000D_n_x000D_nTout comme la version r\u00e9cemment mise en vente ici, en <a href=\"https:\/\/1001pateres.com\/produit\/patere-ronde-plastique-facon-bois-naturel-wenko\/\">plastique imitation bois naturel<\/a>, ses\u00a0<strong>dimensions <\/strong>sont\u00a0de:_x000D_n<\/p>\n<ul>_x000D_n \t<\/p>\n<li>Diam\u00e8tre 8 cm<\/li>\n<p>_x000D_n \t<\/p>\n<li>Ecartement du mur 4 cm<\/li>\n<p>_x000D_n<\/ul>\n<p>_x000D_nAvec 1001 Pat\u00e8res, vous avez toujours la certitude faire les <strong>bons choix en terme de qualit\u00e9 et de prix<\/strong>. L&rsquo;\u00e9quipe choisie des marques internationales reconnues pour leur modernit\u00e9, et leur rapport qualit\u00e9 prix int\u00e9ressant._x000D_n_x000D_nAinsi, avec la marque <a href=\"https:\/\/1001pateres.com\/brand\/wenko\/\">WENKO<\/a>, vous avez la garantie d&rsquo;une <strong>utilisation<\/strong> et d&rsquo;une <strong>installation facile<\/strong>. En effet, la vis est fournie. Pensez donc juste \u00e0 disposer d&rsquo;une perceuse et d&rsquo;un tournevis._x000D_n<\/p>\n<h3>Pat\u00e8re ronde en polyr\u00e9sine noir mat<\/h3>\n<p>_x000D_nDe ce fait, vous n&rsquo;aurez aucun mal \u00e0 lui trouver une place. D&rsquo;ailleurs, nous conseillons toujours \u00e0 nos clients d&rsquo;installer des pat\u00e8res \u00e0 l&rsquo;unit\u00e9 de mani\u00e8re <strong>d\u00e9multipli\u00e9e<\/strong>. Ainsi, la <strong>mise en valeur est optimale et le rangement aussi<\/strong>!_x000D_n_x000D_nUne telle pat\u00e8re noir s&rsquo;installe aussi bien sur un <strong>mur clair pour contraster<\/strong> que sur un <strong>mur noir pour offrir profondeur et style<\/strong>. Toutefois, pensez \u00e0 utiliser une <strong>forme ronde<\/strong> r\u00e9guli\u00e8rement dans le reste de votre pi\u00e8ce pour offrir une certaine <strong>harmonie d\u00e9corative<\/strong>._x000D_n_x000D_nEnfin, gr\u00e2ce \u00e0 ce large diam\u00e8tre, il est tout aussi possible de l&rsquo;utiliser pour suspendre v\u00eatements, accessoires et manteaux. Le fait d&rsquo;\u00eatre en polyr\u00e9sine lui permet de r\u00e9sister \u00e0 tout \u00e9l\u00e9ment humide. Vous pourrez donc aussi l&rsquo;utiliser pour vos serviettes de bain ou cap de pluie._x000D_n_x000D_nOffrez lui donc une place dans votre <strong>salle de bain<\/strong>, votre <strong>entr\u00e9e<\/strong> ou votre <strong>buanderie<\/strong>!_x000D_n_x000D_nN&rsquo;h\u00e9sitez pas \u00e0 nous poser vos questions via le formulaire de la page Contact ou nous demander un devis personnalis\u00e9 en cas de commande en d&rsquo;importante quantit\u00e9.<\/p>\n","protected":false},"excerpt":{"rendered":"<p>Jolie pat\u00e8re ronde en polyr\u00e9sine tendance de couleur <strong>noir mat<\/strong> et\u00a0de la marque\u00a0<em><strong>WENKO<\/strong><\/em> id\u00e9ale pour accrocher serviettes, manteaux ou chapeaux.\u00a0Ce porte-manteau ultra r\u00e9sistant sera id\u00e9ale dans les pi\u00e8ces humides ou dans l&rsquo;entr\u00e9e pour ne plus voir trainer les v\u00eatements et rester sobre. A acheter par deux ou trois pour plus de design.<\/p>\n","protected":false},"featured_media":2321,"comment_status":"closed","ping_status":"open","template":"","meta":[],"product_cat":[29,19,20,32,21,22,17,23],"product_tag":[26],"class_list":["post-650","product","type-product","status-publish","has-post-thumbnail","hentry","product_cat-chambre-adulte","product_cat-collectivite","product_cat-cuisine","product_cat-entree-sejour","product_cat-entreprise","product_cat-pro","product_cat-salle-de-bain","product_cat-toilette-wc","product_tag-crochet-patere-patere-design-patere-murale-patere-porte-pateres-porte-serviette-porte-torchon","description-off"],"_links":{"self":[{"href":"https:\/\/roulettes.vaniseo.top\/index.php\/wp-json\/wp\/v2\/product\/650","targetHints":{"allow":["GET"]}}],"collection":[{"href":"https:\/\/roulettes.vaniseo.top\/index.php\/wp-json\/wp\/v2\/product"}],"about":[{"href":"https:\/\/roulettes.vaniseo.top\/index.php\/wp-json\/wp\/v2\/types\/product"}],"replies":[{"embeddable":true,"href":"https:\/\/roulettes.vaniseo.top\/index.php\/wp-json\/wp\/v2\/comments?post=650"}],"version-history":[{"count":0,"href":"https:\/\/roulettes.vaniseo.top\/index.php\/wp-json\/wp\/v2\/product\/650\/revisions"}],"wp:featuredmedia":[{"embeddable":true,"href":"https:\/\/roulettes.vaniseo.top\/index.php\/wp-json\/wp\/v2\/media\/2321"}],"wp:attachment":[{"href":"https:\/\/roulettes.vaniseo.top\/index.php\/wp-json\/wp\/v2\/media?parent=650"}],"wp:term":[{"taxonomy":"product_cat","embeddable":true,"href":"https:\/\/roulettes.vaniseo.top\/index.php\/wp-json\/wp\/v2\/product_cat?post=650"},{"taxonomy":"product_tag","embeddable":true,"href":"https:\/\/roulettes.vaniseo.top\/index.php\/wp-json\/wp\/v2\/product_tag?post=650"}],"curies":[{"name":"wp","href":"https:\/\/api.w.org\/{rel}","templated":true}]}}