{"id":662,"date":"2022-04-04T16:22:27","date_gmt":"2022-04-04T14:22:27","guid":{"rendered":"https:\/\/roulettes.vaniseo.top\/index.php\/produit\/crochet-patere-fleur-de-lys-en-metal-dore-repousse\/"},"modified":"2022-04-04T17:23:07","modified_gmt":"2022-04-04T15:23:07","slug":"crochet-patere-fleur-de-lys-en-metal-dore-repousse","status":"publish","type":"product","link":"https:\/\/roulettes.vaniseo.top\/index.php\/produit\/crochet-patere-fleur-de-lys-en-metal-dore-repousse\/","title":{"rendered":"crochet pat\u00e8re fleur de lys en m\u00e9tal dor\u00e9 repouss\u00e9"},"content":{"rendered":"<h4>Crochets pat\u00e8res en forme de fleur de lys en m\u00e9tal dor\u00e9 repouss\u00e9 par lot de 2.<\/h4>\n<p>_x000D_n<\/p>\n<h4>Dimensions :<\/h4>\n<p>_x000D_n<\/p>\n<ul>_x000D_n \t<\/p>\n<li>Dim 7,5 cm X 4 cm<\/li>\n<p>_x000D_n \t<\/p>\n<li>Ecartement du mur 2 cm<\/li>\n<p>_x000D_n<\/ul>\n","protected":false},"excerpt":{"rendered":"<p>Jolies pat\u00e8res d\u00e9co\u00a0<strong>fleur de lys<\/strong>\u00a0en m\u00e9tal dor\u00e9 repouss\u00e9 de la marque <em><strong>1001pat\u00e8res<\/strong><\/em>.\u00a0Elles sont en lot de 2 \u00e0 poser partout dans la maison, dans la cuisine pour les torchons ou dans l&rsquo;entr\u00e9e pour les clefs. Le <em><strong>d\u00e9cor fleur de lys<\/strong><\/em> est original et simple \u00e0 fixer avec ses vis fournies.<\/p>\n","protected":false},"featured_media":2356,"comment_status":"closed","ping_status":"open","template":"","meta":[],"product_cat":[20,32,17],"product_tag":[27],"class_list":["post-662","product","type-product","status-publish","has-post-thumbnail","hentry","product_cat-cuisine","product_cat-entree-sejour","product_cat-salle-de-bain","product_tag-crochet-patere-patere-design-patere-murale-patere-porte-pateres-porte-serviette-porte-torchon-vestiaire","description-off"],"_links":{"self":[{"href":"https:\/\/roulettes.vaniseo.top\/index.php\/wp-json\/wp\/v2\/product\/662","targetHints":{"allow":["GET"]}}],"collection":[{"href":"https:\/\/roulettes.vaniseo.top\/index.php\/wp-json\/wp\/v2\/product"}],"about":[{"href":"https:\/\/roulettes.vaniseo.top\/index.php\/wp-json\/wp\/v2\/types\/product"}],"replies":[{"embeddable":true,"href":"https:\/\/roulettes.vaniseo.top\/index.php\/wp-json\/wp\/v2\/comments?post=662"}],"version-history":[{"count":0,"href":"https:\/\/roulettes.vaniseo.top\/index.php\/wp-json\/wp\/v2\/product\/662\/revisions"}],"wp:featuredmedia":[{"embeddable":true,"href":"https:\/\/roulettes.vaniseo.top\/index.php\/wp-json\/wp\/v2\/media\/2356"}],"wp:attachment":[{"href":"https:\/\/roulettes.vaniseo.top\/index.php\/wp-json\/wp\/v2\/media?parent=662"}],"wp:term":[{"taxonomy":"product_cat","embeddable":true,"href":"https:\/\/roulettes.vaniseo.top\/index.php\/wp-json\/wp\/v2\/product_cat?post=662"},{"taxonomy":"product_tag","embeddable":true,"href":"https:\/\/roulettes.vaniseo.top\/index.php\/wp-json\/wp\/v2\/product_tag?post=662"}],"curies":[{"name":"wp","href":"https:\/\/api.w.org\/{rel}","templated":true}]}}